Last updated on 2024-07-13 05:49:15 CEST.
Flavor | Version | Tinstall | Tcheck | Ttotal | Status | Flags |
---|---|---|---|---|---|---|
r-devel-linux-x86_64-debian-clang | 1.0.2 | 3.83 | 32.17 | 36.00 | NOTE | |
r-devel-linux-x86_64-debian-gcc | 1.0.2 | 2.72 | 24.61 | 27.33 | NOTE | |
r-devel-linux-x86_64-fedora-clang | 1.0.2 | 44.51 | NOTE | |||
r-devel-linux-x86_64-fedora-gcc | 1.0.2 | 41.74 | NOTE | |||
r-devel-windows-x86_64 | 1.0.2 | 4.00 | 53.00 | 57.00 | NOTE | |
r-patched-linux-x86_64 | 1.0.2 | 3.68 | 30.74 | 34.42 | NOTE | |
r-release-linux-x86_64 | 1.0.2 | 3.47 | 30.81 | 34.28 | NOTE | |
r-release-macos-arm64 | 1.0.2 | 19.00 | OK | |||
r-release-macos-x86_64 | 1.0.2 | 25.00 | OK | |||
r-release-windows-x86_64 | 1.0.2 | 4.00 | 47.00 | 51.00 | NOTE | |
r-oldrel-macos-arm64 | 1.0.2 | 21.00 | OK | |||
r-oldrel-macos-x86_64 | 1.0.2 | 38.00 | OK | |||
r-oldrel-windows-x86_64 | 1.0.2 | 5.00 | 49.00 | 54.00 | OK |
Version: 1.0.2
Check: HTML version of manual
Result: NOTE
Found the following HTML validation problems:
summary_greek.html:58:1 (summary_greek.Rd:22): Warning: trimming empty <dt>
Flavors: r-devel-linux-x86_64-debian-clang, r-devel-linux-x86_64-debian-gcc, r-devel-linux-x86_64-fedora-clang, r-devel-linux-x86_64-fedora-gcc, r-devel-windows-x86_64, r-patched-linux-x86_64, r-release-linux-x86_64, r-release-windows-x86_64