Last updated on 2024-06-27 16:49:06 CEST.
Flavor | Version | Tinstall | Tcheck | Ttotal | Status | Flags |
---|---|---|---|---|---|---|
r-devel-linux-x86_64-debian-clang | 1.0.1 | NOTE | ||||
r-devel-linux-x86_64-debian-gcc | 1.0.1 | 17.75 | 59.18 | 76.93 | NOTE | |
r-devel-linux-x86_64-fedora-clang | 1.0.1 | 123.06 | NOTE | |||
r-devel-linux-x86_64-fedora-gcc | 1.0.1 | 123.69 | NOTE | |||
r-devel-windows-x86_64 | 1.0.1 | 26.00 | 78.00 | 104.00 | NOTE | |
r-patched-linux-x86_64 | 1.0.1 | 20.18 | 76.32 | 96.50 | NOTE | |
r-release-linux-x86_64 | 1.0.1 | 20.95 | 74.68 | 95.63 | NOTE | |
r-release-macos-arm64 | 1.0.1 | 38.00 | NOTE | |||
r-release-macos-x86_64 | 1.0.1 | 74.00 | NOTE | |||
r-release-windows-x86_64 | 1.0.1 | 29.00 | 78.00 | 107.00 | NOTE | |
r-oldrel-macos-arm64 | 1.0.1 | 42.00 | OK | |||
r-oldrel-macos-x86_64 | 1.0.1 | 67.00 | OK | |||
r-oldrel-windows-x86_64 | 1.0.1 | 31.00 | 109.00 | 140.00 | OK |
Version: 1.0.1
Check: Rd files
Result: NOTE
checkRd: (-1) covFun.Rd:89-90: Lost braces in \itemize; meant \describe ?
checkRd: (-1) covFun.Rd:91-92: Lost braces in \itemize; meant \describe ?
checkRd: (-1) covFun.Rd:93-95: Lost braces in \itemize; meant \describe ?
checkRd: (-1) covFun.Rd:96-97: Lost braces in \itemize; meant \describe ?
checkRd: (-1) covFun.Rd:98-99: Lost braces in \itemize; meant \describe ?
checkRd: (-1) covFun.Rd:100-103: Lost braces in \itemize; meant \describe ?
checkRd: (-1) covFun.Rd:104-106: Lost braces in \itemize; meant \describe ?
checkRd: (-1) covFun.Rd:107-109: Lost braces in \itemize; meant \describe ?
checkRd: (-1) covFun.Rd:110-111: Lost braces in \itemize; meant \describe ?
checkRd: (-1) covFun.Rd:112-113: Lost braces in \itemize; meant \describe ?
checkRd: (-1) covFun.Rd:114-115: Lost braces in \itemize; meant \describe ?
checkRd: (-1) covFun.Rd:116-117: Lost braces in \itemize; meant \describe ?
Flavors: r-devel-linux-x86_64-debian-clang, r-devel-linux-x86_64-debian-gcc, r-devel-linux-x86_64-fedora-clang, r-devel-linux-x86_64-fedora-gcc, r-devel-windows-x86_64, r-patched-linux-x86_64, r-release-linux-x86_64, r-release-macos-arm64, r-release-macos-x86_64, r-release-windows-x86_64