CRAN Package Check Results for Package gridOT

Last updated on 2025-05-18 01:50:29 CEST.

Flavor Version Tinstall Tcheck Ttotal Status Flags
r-devel-linux-x86_64-debian-clang 1.0.1 50.97 24.96 75.93 NOTE
r-devel-linux-x86_64-debian-gcc 1.0.1 37.14 20.15 57.29 NOTE
r-devel-linux-x86_64-fedora-clang 1.0.1 167.80 NOTE
r-devel-linux-x86_64-fedora-gcc 1.0.1 147.76 NOTE
r-devel-windows-x86_64 1.0.1 58.00 67.00 125.00 NOTE
r-patched-linux-x86_64 1.0.1 48.70 24.46 73.16 NOTE
r-release-linux-x86_64 1.0.1 49.58 24.05 73.63 NOTE
r-release-macos-arm64 1.0.1 38.00 NOTE
r-release-macos-x86_64 1.0.1 46.00 NOTE
r-release-windows-x86_64 1.0.1 59.00 75.00 134.00 NOTE
r-oldrel-macos-arm64 1.0.1 38.00 NOTE
r-oldrel-macos-x86_64 1.0.1 39.00 NOTE
r-oldrel-windows-x86_64 1.0.1 68.00 78.00 146.00 NOTE

Check Details

Version: 1.0.1
Check: CRAN incoming feasibility
Result: NOTE Maintainer: ‘Michel Groppe <michel.groppe@stud.uni-goettingen.de>’ The Description field contains see G. Auricchio (2021) <arXiv:2105.07278>. For these, it offers Please refer to arXiv e-prints via their arXiv DOI <doi:10.48550/arXiv.YYMM.NNNNN>. Flavors: r-devel-linux-x86_64-debian-clang, r-devel-linux-x86_64-debian-gcc

Version: 1.0.1
Check: C++ specification
Result: NOTE Specified C++11: please drop specification unless essential Flavors: r-devel-linux-x86_64-debian-clang, r-devel-linux-x86_64-debian-gcc, r-devel-linux-x86_64-fedora-clang, r-devel-linux-x86_64-fedora-gcc, r-devel-windows-x86_64, r-patched-linux-x86_64, r-release-linux-x86_64, r-release-macos-arm64, r-release-macos-x86_64, r-release-windows-x86_64, r-oldrel-macos-arm64, r-oldrel-macos-x86_64, r-oldrel-windows-x86_64

Version: 1.0.1
Check: DESCRIPTION meta-information
Result: NOTE Missing dependency on R >= 4.1.0 because package code uses the pipe |> or function shorthand \(...) syntax added in R 4.1.0. File(s) using such syntax: ‘otgrid.R’ ‘otgridtransport.R’ ‘pivot_measure.R’ ‘transport1d.R’ ‘transport_cost.R’ ‘transport_costmat.R’ ‘transport_df.R’ ‘without_zeros.R’ Flavors: r-devel-linux-x86_64-debian-clang, r-devel-linux-x86_64-debian-gcc, r-devel-linux-x86_64-fedora-clang, r-devel-linux-x86_64-fedora-gcc, r-devel-windows-x86_64, r-patched-linux-x86_64, r-release-linux-x86_64, r-release-macos-arm64, r-release-macos-x86_64, r-release-windows-x86_64