Last updated on 2025-04-29 19:50:33 CEST.
Flavor | Version | Tinstall | Tcheck | Ttotal | Status | Flags |
---|---|---|---|---|---|---|
r-devel-linux-x86_64-debian-clang | 0.0.4 | 18.04 | 355.89 | 373.93 | NOTE | |
r-devel-linux-x86_64-debian-gcc | 0.0.4 | 18.17 | 222.94 | 241.11 | NOTE | |
r-devel-linux-x86_64-fedora-clang | 0.0.4 | 585.83 | OK | |||
r-devel-linux-x86_64-fedora-gcc | 0.0.4 | 591.33 | OK | |||
r-devel-windows-x86_64 | 0.0.4 | 26.00 | 322.00 | 348.00 | OK | |
r-patched-linux-x86_64 | 0.0.4 | 23.73 | 331.77 | 355.50 | OK | |
r-release-linux-x86_64 | 0.0.4 | 21.09 | 333.61 | 354.70 | OK | |
r-release-macos-arm64 | 0.0.4 | 145.00 | OK | |||
r-release-macos-x86_64 | 0.0.4 | 339.00 | OK | |||
r-release-windows-x86_64 | 0.0.4 | 29.00 | 329.00 | 358.00 | OK | |
r-oldrel-macos-arm64 | 0.0.4 | 152.00 | NOTE | |||
r-oldrel-macos-x86_64 | 0.0.4 | 269.00 | OK | |||
r-oldrel-windows-x86_64 | 0.0.4 | 31.00 | 467.00 | 498.00 | OK |
Version: 0.0.4
Check: examples
Result: NOTE
Examples with CPU (user + system) or elapsed time > 5s
user system elapsed
gr_summarize 10.942 0.008 14.200
gr_baseflow 9.680 0.170 11.971
gr_plot_vars 8.801 0.072 9.871
gr_plot_periods 7.350 0.019 8.820
gr_plot_sep 6.903 0.016 7.977
gr_plot_minmonth 6.621 0.107 7.643
gr_separate 6.660 0.047 8.216
gr_plot_tests 5.637 0.007 7.050
gr_kable_tests 5.617 0.008 6.064
gr_test_vars 5.120 0.003 6.889
gr_plot_hori 4.749 0.039 6.209
gr_set_param 4.428 0.000 5.422
Flavor: r-devel-linux-x86_64-debian-clang
Version: 0.0.4
Check: examples
Result: NOTE
Examples with CPU (user + system) or elapsed time > 5s
user system elapsed
gr_summarize 6.213 0.000 6.611
gr_plot_vars 5.403 0.064 5.940
gr_baseflow 5.038 0.123 5.844
Flavor: r-devel-linux-x86_64-debian-gcc
Version: 0.0.4
Check: installed package size
Result: NOTE
installed size is 5.0Mb
sub-directories of 1Mb or more:
doc 1.6Mb
libs 2.4Mb
Flavor: r-oldrel-macos-arm64