Last updated on 2025-11-16 12:49:32 CET.
| Flavor | Version | Tinstall | Tcheck | Ttotal | Status | Flags |
|---|---|---|---|---|---|---|
| r-devel-linux-x86_64-debian-clang | 3.0.2 | 9.82 | 80.93 | 90.75 | OK | |
| r-devel-linux-x86_64-debian-gcc | 3.0.2 | 6.50 | 59.14 | 65.64 | NOTE | |
| r-devel-linux-x86_64-fedora-clang | 3.0.2 | 35.00 | 113.18 | 148.18 | OK | |
| r-devel-linux-x86_64-fedora-gcc | 3.0.2 | 20.00 | 121.89 | 141.89 | OK | |
| r-devel-windows-x86_64 | 3.0.2 | 14.00 | 95.00 | 109.00 | OK | |
| r-patched-linux-x86_64 | 3.0.2 | 9.76 | 77.77 | 87.53 | OK | |
| r-release-linux-x86_64 | 3.0.2 | 7.58 | 76.95 | 84.53 | OK | |
| r-release-macos-arm64 | 3.0.2 | 5.00 | 41.00 | 46.00 | OK | |
| r-release-macos-x86_64 | 3.0.2 | 11.00 | 76.00 | 87.00 | OK | |
| r-release-windows-x86_64 | 3.0.2 | 12.00 | 97.00 | 109.00 | OK | |
| r-oldrel-macos-arm64 | 3.0.2 | 5.00 | 50.00 | 55.00 | OK | |
| r-oldrel-macos-x86_64 | 3.0.2 | 8.00 | 81.00 | 89.00 | OK | |
| r-oldrel-windows-x86_64 | 3.0.2 | 16.00 | 129.00 | 145.00 | OK |
Version: 3.0.2
Check: CRAN incoming feasibility
Result: NOTE
Maintainer: ‘Michel Ferland <michel.ferland@statcan.gc.ca>’
The BugReports field in DESCRIPTION has
https://github.com/StatCan/gensol-gseries/issues/
which should likely be
https://github.com/StatCan/gensol-gseries/issues/issues
instead.
Flavor: r-devel-linux-x86_64-debian-gcc