Last updated on 2024-07-13 05:49:15 CEST.
Flavor | Version | Tinstall | Tcheck | Ttotal | Status | Flags |
---|---|---|---|---|---|---|
r-devel-linux-x86_64-debian-clang | 0.3.0 | 22.69 | 35.66 | 58.35 | OK | |
r-devel-linux-x86_64-debian-gcc | 0.3.0 | 19.50 | 27.58 | 47.08 | OK | |
r-devel-linux-x86_64-fedora-clang | 0.3.0 | 77.74 | NOTE | |||
r-devel-linux-x86_64-fedora-gcc | 0.3.0 | 74.34 | NOTE | |||
r-devel-windows-x86_64 | 0.3.0 | 21.00 | 50.00 | 71.00 | OK | |
r-patched-linux-x86_64 | 0.3.0 | 20.97 | 33.82 | 54.79 | OK | |
r-release-linux-x86_64 | 0.3.0 | 21.51 | 33.61 | 55.12 | OK | |
r-release-macos-arm64 | 0.3.0 | 33.00 | OK | |||
r-release-macos-x86_64 | 0.3.0 | 44.00 | OK | |||
r-release-windows-x86_64 | 0.3.0 | 21.00 | 50.00 | 71.00 | OK | |
r-oldrel-macos-arm64 | 0.3.0 | 36.00 | OK | |||
r-oldrel-macos-x86_64 | 0.3.0 | 53.00 | OK | |||
r-oldrel-windows-x86_64 | 0.3.0 | 21.00 | 53.00 | 74.00 | OK |
Version: 0.3.0
Check: data for non-ASCII characters
Result: NOTE
Note: found 42384 marked UTF-8 strings
Flavors: r-devel-linux-x86_64-fedora-clang, r-devel-linux-x86_64-fedora-gcc