CRAN Package Check Results for Package gunit

Last updated on 2025-04-29 13:51:25 CEST.

Flavor Version Tinstall Tcheck Ttotal Status Flags
r-devel-linux-x86_64-debian-clang 1.0.2 4.43 39.81 44.24 NOTE
r-devel-linux-x86_64-debian-gcc 1.0.2 3.62 30.59 34.21 NOTE
r-devel-linux-x86_64-fedora-clang 1.0.2 66.65 OK
r-devel-linux-x86_64-fedora-gcc 1.0.2 62.02 OK
r-devel-windows-x86_64 1.0.2 5.00 56.00 61.00 OK
r-patched-linux-x86_64 1.0.2 4.25 36.13 40.38 OK
r-release-linux-x86_64 1.0.2 4.03 36.06 40.09 OK
r-release-macos-arm64 1.0.2 40.00 OK
r-release-macos-x86_64 1.0.2 50.00 OK
r-release-windows-x86_64 1.0.2 6.00 59.00 65.00 OK
r-oldrel-macos-arm64 1.0.2 25.00 OK
r-oldrel-macos-x86_64 1.0.2 38.00 OK
r-oldrel-windows-x86_64 1.0.2 6.00 64.00 70.00 OK

Check Details

Version: 1.0.2
Check: CRAN incoming feasibility
Result: NOTE Maintainer: ‘Chris Muir <cdmuir@hawaii.edu>’ Package CITATION file contains call(s) to old-style citEntry(). Please use bibentry() instead. Flavors: r-devel-linux-x86_64-debian-clang, r-devel-linux-x86_64-debian-gcc