CRAN Package Check Results for Package h0

Last updated on 2025-04-29 13:51:25 CEST.

Flavor Version Tinstall Tcheck Ttotal Status Flags
r-devel-linux-x86_64-debian-clang 1.0.1 1.79 19.28 21.07 NOTE
r-devel-linux-x86_64-debian-gcc 1.0.1 1.51 15.27 16.78 NOTE
r-devel-linux-x86_64-fedora-clang 1.0.1 32.00 OK
r-devel-linux-x86_64-fedora-gcc 1.0.1 31.26 OK
r-devel-windows-x86_64 1.0.1 3.00 44.00 47.00 OK
r-patched-linux-x86_64 1.0.1 1.86 18.29 20.15 OK
r-release-linux-x86_64 1.0.1 1.83 18.21 20.04 OK
r-release-macos-arm64 1.0.1 15.00 OK
r-release-macos-x86_64 1.0.1 25.00 OK
r-release-windows-x86_64 1.0.1 4.00 45.00 49.00 OK
r-oldrel-macos-arm64 1.0.1 15.00 OK
r-oldrel-macos-x86_64 1.0.1 21.00 OK
r-oldrel-windows-x86_64 1.0.1 3.00 42.00 45.00 OK

Check Details

Version: 1.0.1
Check: CRAN incoming feasibility
Result: NOTE Maintainer: ‘Hyungsuk Tak <hyungsuk.tak@gmail.com>’ No Authors@R field in DESCRIPTION. Please add one, modifying Authors@R: person(given = "Hyungsuk", family = "Tak", role = c("aut", "cre"), email = "hyungsuk.tak@gmail.com") as necessary. Flavors: r-devel-linux-x86_64-debian-clang, r-devel-linux-x86_64-debian-gcc