Last updated on 2025-11-16 00:48:34 CET.
| Flavor | Version | Tinstall | Tcheck | Ttotal | Status | Flags |
|---|---|---|---|---|---|---|
| r-devel-linux-x86_64-debian-clang | 0.3.0 | 15.43 | 138.69 | 154.12 | NOTE | |
| r-devel-linux-x86_64-debian-gcc | 0.3.0 | 9.73 | 99.48 | 109.21 | NOTE | |
| r-devel-linux-x86_64-fedora-clang | 0.3.0 | 75.00 | 186.58 | 261.58 | OK | |
| r-devel-linux-x86_64-fedora-gcc | 0.3.0 | 58.00 | 192.22 | 250.22 | OK | |
| r-devel-windows-x86_64 | 0.3.0 | 20.00 | 139.00 | 159.00 | OK | |
| r-patched-linux-x86_64 | 0.3.0 | 15.43 | 132.62 | 148.05 | OK | |
| r-release-linux-x86_64 | 0.3.0 | 15.15 | 132.49 | 147.64 | OK | |
| r-release-macos-arm64 | 0.3.0 | 6.00 | 53.00 | 59.00 | OK | |
| r-release-macos-x86_64 | 0.3.0 | 11.00 | 98.00 | 109.00 | OK | |
| r-release-windows-x86_64 | 0.3.0 | 16.00 | 137.00 | 153.00 | OK | |
| r-oldrel-macos-arm64 | 0.3.0 | 5.00 | 52.00 | 57.00 | OK | |
| r-oldrel-macos-x86_64 | 0.3.0 | 9.00 | 75.00 | 84.00 | OK | |
| r-oldrel-windows-x86_64 | 0.3.0 | 23.00 | 180.00 | 203.00 | OK |
Version: 0.3.0
Check: CRAN incoming feasibility
Result: NOTE
Maintainer: ‘Xiang Zhou <xiang_zhou@fas.harvard.edu>’
The BugReports field in DESCRIPTION has
http://github.com/xiangzhou09/hIRT
which should likely be
http://github.com/xiangzhou09/hIRT/issues
instead.
Found the following URLs which should use \doi (with the DOI name only):
File ‘hgrm.Rd’:
https://doi.org/10.1017/pan.2018.63
File ‘hltm.Rd’:
https://doi.org/10.1017/pan.2018.63
Flavors: r-devel-linux-x86_64-debian-clang, r-devel-linux-x86_64-debian-gcc