Last updated on 2025-04-29 13:51:25 CEST.
Flavor | Version | Tinstall | Tcheck | Ttotal | Status | Flags |
---|---|---|---|---|---|---|
r-devel-linux-x86_64-debian-clang | 1.1.3 | 1.95 | 18.64 | 20.59 | NOTE | |
r-devel-linux-x86_64-debian-gcc | 1.1.3 | 1.42 | 15.50 | 16.92 | NOTE | |
r-devel-linux-x86_64-fedora-clang | 1.1.3 | 32.38 | OK | |||
r-devel-linux-x86_64-fedora-gcc | 1.1.3 | 31.07 | OK | |||
r-devel-windows-x86_64 | 1.1.3 | 3.00 | 41.00 | 44.00 | OK | |
r-patched-linux-x86_64 | 1.1.3 | 1.92 | 18.18 | 20.10 | OK | |
r-release-linux-x86_64 | 1.1.3 | 1.54 | 18.27 | 19.81 | OK | |
r-release-macos-arm64 | 1.1.3 | 15.00 | OK | |||
r-release-macos-x86_64 | 1.1.3 | 25.00 | OK | |||
r-release-windows-x86_64 | 1.1.3 | 4.00 | 45.00 | 49.00 | OK | |
r-oldrel-macos-arm64 | 1.1.3 | 13.00 | OK | |||
r-oldrel-macos-x86_64 | 1.1.3 | 21.00 | OK | |||
r-oldrel-windows-x86_64 | 1.1.3 | 3.00 | 40.00 | 43.00 | OK |
Version: 1.1.3
Check: CRAN incoming feasibility
Result: NOTE
Maintainer: ‘Jonathan Schwartz <jzs1986@gmail.com>’
No Authors@R field in DESCRIPTION.
Please add one, modifying
Authors@R: person(given = "Jonathan",
family = "Schwartz",
role = c("aut", "cre"),
email = "jzs1986@gmail.com")
as necessary.
Flavors: r-devel-linux-x86_64-debian-clang, r-devel-linux-x86_64-debian-gcc