Last updated on 2024-06-27 10:49:32 CEST.
Flavor | Version | Tinstall | Tcheck | Ttotal | Status | Flags |
---|---|---|---|---|---|---|
r-devel-linux-x86_64-debian-clang | 2.5.4 | NOTE | ||||
r-devel-linux-x86_64-debian-gcc | 2.5.4 | 30.05 | 54.38 | 84.43 | NOTE | |
r-devel-linux-x86_64-fedora-clang | 2.5.4 | 142.60 | NOTE | |||
r-devel-linux-x86_64-fedora-gcc | 2.5.4 | 163.43 | NOTE | |||
r-devel-windows-x86_64 | 2.5.4 | 60.00 | 95.00 | 155.00 | NOTE | |
r-patched-linux-x86_64 | 2.5.4 | 37.21 | 69.52 | 106.73 | NOTE | |
r-release-linux-x86_64 | 2.5.4 | 29.34 | 70.98 | 100.32 | NOTE | |
r-release-macos-arm64 | 2.5.4 | 59.00 | NOTE | |||
r-release-macos-x86_64 | 2.5.4 | 71.00 | NOTE | |||
r-release-windows-x86_64 | 2.5.4 | 62.00 | 96.00 | 158.00 | NOTE | |
r-oldrel-macos-arm64 | 2.5.4 | 56.00 | NOTE | |||
r-oldrel-macos-x86_64 | 2.5.4 | 100.00 | NOTE | |||
r-oldrel-windows-x86_64 | 2.5.4 | 75.00 | 116.00 | 191.00 | NOTE |
Version: 2.5.4
Check: for GNU extensions in Makefiles
Result: NOTE
GNU make is a SystemRequirements.
Flavors: r-devel-linux-x86_64-debian-clang, r-devel-linux-x86_64-debian-gcc, r-devel-linux-x86_64-fedora-clang, r-devel-linux-x86_64-fedora-gcc, r-devel-windows-x86_64, r-patched-linux-x86_64, r-release-linux-x86_64, r-release-macos-arm64, r-release-macos-x86_64, r-release-windows-x86_64, r-oldrel-macos-arm64, r-oldrel-macos-x86_64, r-oldrel-windows-x86_64
Version: 2.5.4
Check: compiled code
Result: NOTE
File ‘haven/libs/haven.so’:
Found non-API calls to R: ‘SETLENGTH’, ‘SET_GROWABLE_BIT’,
‘SET_TRUELENGTH’
Compiled code should not call non-API entry points in R.
See ‘Writing portable packages’ in the ‘Writing R Extensions’ manual.
Flavors: r-devel-linux-x86_64-debian-clang, r-devel-linux-x86_64-fedora-clang, r-devel-linux-x86_64-fedora-gcc
Version: 2.5.4
Check: compiled code
Result: NOTE
File ‘haven/libs/haven.so’:
Found non-API calls to R: ‘SETLENGTH’, ‘SET_GROWABLE_BIT’,
‘SET_TRUELENGTH’
Compiled code should not call non-API entry points in R.
See ‘Writing portable packages’ in the ‘Writing R Extensions’ manual.
See section ‘Moving into C API compliance’ in the ‘Writing R
Extensions’ manual for issues with use of non-API entry points.
Flavor: r-devel-linux-x86_64-debian-gcc
Version: 2.5.4
Check: Rd cross-references
Result: NOTE
Undeclared package ‘dplyr’ in Rd xrefs
Flavor: r-devel-linux-x86_64-fedora-clang
Version: 2.5.4
Check: compiled code
Result: NOTE
File 'haven/libs/x64/haven.dll':
Found non-API calls to R: 'SETLENGTH', 'SET_GROWABLE_BIT',
'SET_TRUELENGTH'
Compiled code should not call non-API entry points in R.
See 'Writing portable packages' in the 'Writing R Extensions' manual.
Flavor: r-devel-windows-x86_64