Last updated on 2025-11-16 18:49:32 CET.
| Flavor | Version | Tinstall | Tcheck | Ttotal | Status | Flags |
|---|---|---|---|---|---|---|
| r-devel-linux-x86_64-debian-clang | 0.1.0 | 2.46 | 29.47 | 31.93 | OK | |
| r-devel-linux-x86_64-debian-gcc | 0.1.0 | 1.85 | 23.94 | 25.79 | OK | |
| r-devel-linux-x86_64-fedora-clang | 0.1.0 | 52.46 | OK | |||
| r-devel-linux-x86_64-fedora-gcc | 0.1.0 | 60.89 | OK | |||
| r-devel-windows-x86_64 | 0.1.0 | 10.00 | 46.00 | 56.00 | OK | |
| r-patched-linux-x86_64 | 0.1.0 | 2.21 | 28.03 | 30.24 | OK | |
| r-release-linux-x86_64 | 0.1.0 | 2.23 | 28.37 | 30.60 | OK | |
| r-release-macos-arm64 | 0.1.0 | 2.00 | 38.00 | 40.00 | OK | |
| r-release-macos-x86_64 | 0.1.0 | 2.00 | 46.00 | 48.00 | OK | |
| r-release-windows-x86_64 | 0.1.0 | 8.00 | 47.00 | 55.00 | OK | |
| r-oldrel-macos-arm64 | 0.1.0 | 1.00 | 26.00 | 27.00 | NOTE | |
| r-oldrel-macos-x86_64 | 0.1.0 | 2.00 | 39.00 | 41.00 | NOTE | |
| r-oldrel-windows-x86_64 | 0.1.0 | 7.00 | 54.00 | 61.00 | NOTE |
Version: 0.1.0
Check: installed package size
Result: NOTE
installed size is 5.5Mb
sub-directories of 1Mb or more:
doc 2.7Mb
htmlwidgets 2.8Mb
Flavors: r-oldrel-macos-arm64, r-oldrel-macos-x86_64, r-oldrel-windows-x86_64
Version: 0.1.0
Check: LazyData
Result: NOTE
'LazyData' is specified without a 'data' directory
Flavors: r-oldrel-macos-arm64, r-oldrel-macos-x86_64, r-oldrel-windows-x86_64