Last updated on 2025-05-17 13:49:39 CEST.
Flavor | Version | Tinstall | Tcheck | Ttotal | Status | Flags |
---|---|---|---|---|---|---|
r-devel-linux-x86_64-debian-clang | 0.1.1 | 15.56 | 107.40 | 122.96 | OK | |
r-devel-linux-x86_64-debian-gcc | 0.1.1 | 11.08 | 74.54 | 85.62 | OK | |
r-devel-linux-x86_64-fedora-clang | 0.1.1 | 192.03 | OK | |||
r-devel-linux-x86_64-fedora-gcc | 0.1.1 | 202.41 | OK | |||
r-devel-windows-x86_64 | 0.1.1 | 18.00 | 112.00 | 130.00 | OK | |
r-patched-linux-x86_64 | 0.1.1 | 15.25 | 98.81 | 114.06 | OK | |
r-release-linux-x86_64 | 0.1.1 | 16.57 | 100.31 | 116.88 | OK | |
r-release-macos-arm64 | 0.1.1 | 78.00 | OK | |||
r-release-macos-x86_64 | 0.1.1 | 135.00 | OK | |||
r-release-windows-x86_64 | 0.1.1 | 18.00 | 110.00 | 128.00 | OK | |
r-oldrel-macos-arm64 | 0.1.1 | 66.00 | NOTE | |||
r-oldrel-macos-x86_64 | 0.1.1 | 178.00 | NOTE | |||
r-oldrel-windows-x86_64 | 0.1.1 | 23.00 | 136.00 | 159.00 | NOTE |
Version: 0.1.1
Check: package dependencies
Result: NOTE
Package suggested but not available for checking: ‘cmdstanr’
Flavors: r-oldrel-macos-arm64, r-oldrel-macos-x86_64, r-oldrel-windows-x86_64