Last updated on 2025-04-29 13:51:26 CEST.
Flavor | Version | Tinstall | Tcheck | Ttotal | Status | Flags |
---|---|---|---|---|---|---|
r-devel-linux-x86_64-debian-clang | 0.0.1 | 21.18 | 20.27 | 41.45 | OK | |
r-devel-linux-x86_64-debian-gcc | 0.0.1 | 15.84 | 16.66 | 32.50 | OK | |
r-devel-linux-x86_64-fedora-clang | 0.0.1 | 64.64 | OK | |||
r-devel-linux-x86_64-fedora-gcc | 0.0.1 | 62.68 | OK | |||
r-devel-windows-x86_64 | 0.0.1 | 19.00 | 39.00 | 58.00 | OK | |
r-patched-linux-x86_64 | 0.0.1 | 20.14 | 18.39 | 38.53 | OK | |
r-release-linux-x86_64 | 0.0.1 | 20.89 | 18.81 | 39.70 | OK | |
r-release-macos-arm64 | 0.0.1 | 31.00 | OK | |||
r-release-macos-x86_64 | 0.0.1 | 47.00 | OK | |||
r-release-windows-x86_64 | 0.0.1 | 21.00 | 41.00 | 62.00 | OK | |
r-oldrel-macos-arm64 | 0.0.1 | 36.00 | NOTE | |||
r-oldrel-macos-x86_64 | 0.0.1 | 47.00 | NOTE | |||
r-oldrel-windows-x86_64 | 0.0.1 | 20.00 | 41.00 | 61.00 | NOTE |
Version: 0.0.1
Check: installed package size
Result: NOTE
installed size is 5.4Mb
sub-directories of 1Mb or more:
data 5.2Mb
Flavors: r-oldrel-macos-arm64, r-oldrel-macos-x86_64, r-oldrel-windows-x86_64