Last updated on 2025-11-16 00:48:34 CET.
| Flavor | Version | Tinstall | Tcheck | Ttotal | Status | Flags |
|---|---|---|---|---|---|---|
| r-devel-linux-x86_64-debian-clang | 1.1.0 | 6.19 | 140.03 | 146.22 | OK | |
| r-devel-linux-x86_64-debian-gcc | 1.1.0 | 4.35 | 97.67 | 102.02 | NOTE | |
| r-devel-linux-x86_64-fedora-clang | 1.1.0 | 21.00 | 204.73 | 225.73 | OK | |
| r-devel-linux-x86_64-fedora-gcc | 1.1.0 | 14.00 | 210.57 | 224.57 | OK | |
| r-devel-windows-x86_64 | 1.1.0 | 10.00 | 131.00 | 141.00 | OK | |
| r-patched-linux-x86_64 | 1.1.0 | 5.35 | 129.53 | 134.88 | OK | |
| r-release-linux-x86_64 | 1.1.0 | 5.38 | 129.78 | 135.16 | OK | |
| r-release-macos-arm64 | 1.1.0 | 3.00 | 71.00 | 74.00 | OK | |
| r-release-macos-x86_64 | 1.1.0 | 5.00 | 137.00 | 142.00 | OK | |
| r-release-windows-x86_64 | 1.1.0 | 8.00 | 125.00 | 133.00 | OK | |
| r-oldrel-macos-arm64 | 1.1.0 | 3.00 | 69.00 | 72.00 | OK | |
| r-oldrel-macos-x86_64 | 1.1.0 | 8.00 | 154.00 | 162.00 | OK | |
| r-oldrel-windows-x86_64 | 1.1.0 | 11.00 | 170.00 | 181.00 | OK |
Version: 1.1.0
Check: CRAN incoming feasibility
Result: NOTE
Maintainer: ‘Merlin Unterfinger <info@munterfinger.ch>’
The BugReports field in DESCRIPTION has
https://github.com/munterfi/hereR/issues/
which should likely be
https://github.com/munterfi/hereR/issues/issues
instead.
Flavor: r-devel-linux-x86_64-debian-gcc