Last updated on 2025-11-16 06:49:39 CET.
| Flavor | Version | Tinstall | Tcheck | Ttotal | Status | Flags |
|---|---|---|---|---|---|---|
| r-devel-linux-x86_64-debian-clang | 2.3.1 | 18.75 | 69.45 | 88.20 | OK | |
| r-devel-linux-x86_64-debian-gcc | 2.3.1 | 13.55 | 51.68 | 65.23 | OK | |
| r-devel-linux-x86_64-fedora-clang | 2.3.1 | 65.00 | 75.56 | 140.56 | OK | |
| r-devel-linux-x86_64-fedora-gcc | 2.3.1 | 53.00 | 94.73 | 147.73 | OK | |
| r-devel-windows-x86_64 | 2.3.1 | 30.00 | 100.00 | 130.00 | OK | |
| r-patched-linux-x86_64 | 2.3.1 | 20.33 | 65.79 | 86.12 | OK | |
| r-release-linux-x86_64 | 2.3.1 | 19.40 | 63.99 | 83.39 | OK | |
| r-release-macos-arm64 | 2.3.1 | 9.00 | 35.00 | 44.00 | OK | |
| r-release-macos-x86_64 | 2.3.1 | 13.00 | 76.00 | 89.00 | OK | |
| r-release-windows-x86_64 | 2.3.1 | 26.00 | 102.00 | 128.00 | OK | |
| r-oldrel-macos-arm64 | 2.3.1 | 5.00 | 27.00 | 32.00 | NOTE | |
| r-oldrel-macos-x86_64 | 2.3.1 | 8.00 | 54.00 | 62.00 | NOTE | |
| r-oldrel-windows-x86_64 | 2.3.1 | 25.00 | 123.00 | 148.00 | NOTE |
Version: 2.3.1
Check: installed package size
Result: NOTE
installed size is 5.5Mb
sub-directories of 1Mb or more:
R 1.6Mb
doc 1.9Mb
libs 1.8Mb
Flavors: r-oldrel-macos-arm64, r-oldrel-macos-x86_64
Version: 2.3.1
Check: for GNU extensions in Makefiles
Result: NOTE
GNU make is a SystemRequirements.
Flavors: r-oldrel-macos-arm64, r-oldrel-macos-x86_64, r-oldrel-windows-x86_64