Last updated on 2024-06-27 16:49:06 CEST.
Flavor | Version | Tinstall | Tcheck | Ttotal | Status | Flags |
---|---|---|---|---|---|---|
r-devel-linux-x86_64-debian-clang | 0.2.0 | NOTE | ||||
r-devel-linux-x86_64-debian-gcc | 0.2.0 | 14.82 | 51.82 | 66.64 | NOTE | |
r-devel-linux-x86_64-fedora-clang | 0.2.0 | 122.10 | NOTE | |||
r-devel-linux-x86_64-fedora-gcc | 0.2.0 | 125.50 | NOTE | |||
r-devel-windows-x86_64 | 0.2.0 | 20.00 | 74.00 | 94.00 | NOTE | |
r-patched-linux-x86_64 | 0.2.0 | 16.39 | 64.15 | 80.54 | OK | |
r-release-linux-x86_64 | 0.2.0 | 16.81 | 66.79 | 83.60 | OK | |
r-release-macos-arm64 | 0.2.0 | 38.00 | OK | |||
r-release-macos-x86_64 | 0.2.0 | 57.00 | OK | |||
r-release-windows-x86_64 | 0.2.0 | 20.00 | 76.00 | 96.00 | OK | |
r-oldrel-macos-arm64 | 0.2.0 | 45.00 | OK | |||
r-oldrel-macos-x86_64 | 0.2.0 | 86.00 | OK | |||
r-oldrel-windows-x86_64 | 0.2.0 | 24.00 | 86.00 | 110.00 | OK |
Version: 0.2.0
Check: compiled code
Result: NOTE
File ‘heumilkr/libs/heumilkr.so’:
Found non-API calls to R: ‘SETLENGTH’, ‘SET_GROWABLE_BIT’,
‘SET_TRUELENGTH’
Compiled code should not call non-API entry points in R.
See ‘Writing portable packages’ in the ‘Writing R Extensions’ manual.
Flavors: r-devel-linux-x86_64-debian-clang, r-devel-linux-x86_64-fedora-clang, r-devel-linux-x86_64-fedora-gcc
Version: 0.2.0
Check: compiled code
Result: NOTE
File ‘heumilkr/libs/heumilkr.so’:
Found non-API calls to R: ‘SETLENGTH’, ‘SET_GROWABLE_BIT’,
‘SET_TRUELENGTH’
Compiled code should not call non-API entry points in R.
See ‘Writing portable packages’ in the ‘Writing R Extensions’ manual.
See section ‘Moving into C API compliance’ in the ‘Writing R
Extensions’ manual for issues with use of non-API entry points.
Flavor: r-devel-linux-x86_64-debian-gcc
Version: 0.2.0
Check: compiled code
Result: NOTE
File 'heumilkr/libs/x64/heumilkr.dll':
Found non-API calls to R: 'SETLENGTH', 'SET_GROWABLE_BIT',
'SET_TRUELENGTH'
Compiled code should not call non-API entry points in R.
See 'Writing portable packages' in the 'Writing R Extensions' manual.
Flavor: r-devel-windows-x86_64