Last updated on 2025-11-16 00:48:34 CET.
| Flavor | Version | Tinstall | Tcheck | Ttotal | Status | Flags |
|---|---|---|---|---|---|---|
| r-devel-linux-x86_64-debian-clang | 1.28.5 | 8.71 | 67.74 | 76.45 | OK | |
| r-devel-linux-x86_64-debian-gcc | 1.28.5 | 6.02 | 51.02 | 57.04 | OK | |
| r-devel-linux-x86_64-fedora-clang | 1.28.5 | 41.00 | 88.36 | 129.36 | OK | |
| r-devel-linux-x86_64-fedora-gcc | 1.28.5 | 64.00 | 80.00 | 144.00 | OK | |
| r-devel-windows-x86_64 | 1.28.5 | 15.00 | 89.00 | 104.00 | OK | |
| r-patched-linux-x86_64 | 1.28.5 | 8.48 | 65.57 | 74.05 | OK | |
| r-release-linux-x86_64 | 1.28.5 | 9.02 | 65.25 | 74.27 | OK | |
| r-release-macos-arm64 | 1.28.5 | 7.00 | 40.00 | 47.00 | NOTE | |
| r-release-macos-x86_64 | 1.28.5 | 10.00 | 67.00 | 77.00 | NOTE | |
| r-release-windows-x86_64 | 1.28.5 | 15.00 | 92.00 | 107.00 | OK | |
| r-oldrel-macos-arm64 | 1.28.5 | 6.00 | 43.00 | 49.00 | OK | |
| r-oldrel-macos-x86_64 | 1.28.5 | 19.00 | 266.00 | 285.00 | OK | |
| r-oldrel-windows-x86_64 | 1.28.5 | 18.00 | 109.00 | 127.00 | OK |
Version: 1.28.5
Check: re-building of vignette outputs
Result: NOTE
Note: skipping ‘hexagon_binning.Rnw’ due to unavailable dependencies:
'marray'
Flavors: r-release-macos-arm64, r-release-macos-x86_64