Last updated on 2025-10-02 16:48:40 CEST.
Flavor | Version | Tinstall | Tcheck | Ttotal | Status | Flags |
---|---|---|---|---|---|---|
r-devel-linux-x86_64-debian-clang | 0.6-2 | 61.01 | 232.23 | 293.24 | OK | |
r-devel-linux-x86_64-debian-gcc | 0.6-2 | 40.04 | 162.53 | 202.57 | OK | |
r-devel-linux-x86_64-fedora-clang | 0.6-2 | 391.17 | OK | |||
r-devel-linux-x86_64-fedora-gcc | 0.6-2 | 404.12 | OK | |||
r-devel-windows-x86_64 | 0.6-2 | 68.00 | 214.00 | 282.00 | OK | |
r-patched-linux-x86_64 | 0.6-2 | 64.91 | 214.01 | 278.92 | OK | |
r-release-linux-x86_64 | 0.6-1 | 59.43 | 218.89 | 278.32 | WARN | |
r-release-macos-arm64 | 0.6-1 | 153.00 | OK | |||
r-release-macos-x86_64 | 0.6-2 | 522.00 | OK | |||
r-release-windows-x86_64 | 0.6-2 | 58.00 | 216.00 | 274.00 | OK | |
r-oldrel-macos-arm64 | 0.6-1 | 259.00 | NOTE | |||
r-oldrel-macos-x86_64 | 0.6-2 | 524.00 | NOTE | |||
r-oldrel-windows-x86_64 | 0.6-2 | 79.00 | 279.00 | 358.00 | OK |
Version: 0.6-1
Check: whether package can be installed
Result: WARN
Found the following significant warnings:
hetero_test.cpp:50:39: warning: ‘arma::Mat<typename T1::elem_type> arma::pow(const subview_each1<parent, mode>&, const Base<typename parent::elem_type, T2>&) [with parent = Mat<double>; unsigned int mode = 1; T2 = subview<double>; typename T1::elem_type = double; typename parent::elem_type = double]’ is deprecated: refactor your code to use pow() in conjunction with repmat() [-Wdeprecated-declarations]
See ‘/home/hornik/tmp/R.check/r-release-gcc/Work/PKGS/hgwrr.Rcheck/00install.out’ for details.
* used C++ compiler: ‘g++-14 (Debian 14.3.0-8) 14.3.0’
Flavor: r-release-linux-x86_64
Version: 0.6-1
Check: installed package size
Result: NOTE
installed size is 8.2Mb
sub-directories of 1Mb or more:
libs 7.1Mb
Flavor: r-oldrel-macos-arm64
Version: 0.6-2
Check: installed package size
Result: NOTE
installed size is 9.6Mb
sub-directories of 1Mb or more:
libs 8.5Mb
Flavor: r-oldrel-macos-x86_64