Last updated on 2025-04-29 13:51:26 CEST.
Flavor | Version | Tinstall | Tcheck | Ttotal | Status | Flags |
---|---|---|---|---|---|---|
r-devel-linux-x86_64-debian-clang | 2.0 | 2.22 | 30.03 | 32.25 | NOTE | |
r-devel-linux-x86_64-debian-gcc | 2.0 | 1.86 | 22.62 | 24.48 | NOTE | |
r-devel-linux-x86_64-fedora-clang | 2.0 | 50.88 | OK | |||
r-devel-linux-x86_64-fedora-gcc | 2.0 | 49.26 | OK | |||
r-devel-windows-x86_64 | 2.0 | 3.00 | 52.00 | 55.00 | OK | |
r-patched-linux-x86_64 | 2.0 | 2.57 | 29.09 | 31.66 | OK | |
r-release-linux-x86_64 | 2.0 | 2.44 | 29.36 | 31.80 | OK | |
r-release-macos-arm64 | 2.0 | 20.00 | OK | |||
r-release-macos-x86_64 | 2.0 | 36.00 | OK | |||
r-release-windows-x86_64 | 2.0 | 3.00 | 55.00 | 58.00 | OK | |
r-oldrel-macos-arm64 | 2.0 | 18.00 | OK | |||
r-oldrel-macos-x86_64 | 2.0 | 27.00 | OK | |||
r-oldrel-windows-x86_64 | 2.0 | 3.00 | 49.00 | 52.00 | OK |
Version: 2.0
Check: CRAN incoming feasibility
Result: NOTE
Maintainer: ‘Jason A. Osborne <jaosborn@ncsu.edu>’
No Authors@R field in DESCRIPTION.
Please add one, modifying
Authors@R: c(person(given = c("Jason", "A."),
family = "Osborne",
role = c("aut", "cre"),
email = "jaosborn@ncsu.edu"),
person(given = c("Christopher", "T."),
family = "Franck",
role = "aut"),
person(given = "Bongseog",
family = "Choi",
role = "aut"))
as necessary.
Flavors: r-devel-linux-x86_64-debian-clang, r-devel-linux-x86_64-debian-gcc
Version: 2.0
Check: examples
Result: NOTE
Examples with CPU (user + system) or elapsed time > 5s
user system elapsed
additivityPvalues 6.829 0.067 10.227
Flavor: r-devel-linux-x86_64-debian-clang