CRAN Package Check Results for Package highTtest

Last updated on 2025-04-29 13:51:26 CEST.

Flavor Version Tinstall Tcheck Ttotal Status Flags
r-devel-linux-x86_64-debian-clang 1.3 2.21 21.24 23.45 OK
r-devel-linux-x86_64-debian-gcc 1.3 1.74 17.05 18.79 OK
r-devel-linux-x86_64-fedora-clang 1.3 38.72 OK
r-devel-linux-x86_64-fedora-gcc 1.3 37.29 OK
r-devel-windows-x86_64 1.3 4.00 42.00 46.00 OK
r-patched-linux-x86_64 1.3 2.53 20.61 23.14 OK
r-release-linux-x86_64 1.3 2.28 20.76 23.04 OK
r-release-macos-arm64 1.3 14.00 OK
r-release-macos-x86_64 1.3 25.00 OK
r-release-windows-x86_64 1.3 3.00 44.00 47.00 OK
r-oldrel-macos-arm64 1.3 13.00 NOTE
r-oldrel-macos-x86_64 1.3 21.00 NOTE
r-oldrel-windows-x86_64 1.3 3.00 41.00 44.00 NOTE

Check Details

Version: 1.3
Check: package dependencies
Result: NOTE Package suggested but not available for checking: ‘colorfulVennPlot’ Flavors: r-oldrel-macos-arm64, r-oldrel-macos-x86_64, r-oldrel-windows-x86_64