Last updated on 2025-05-17 07:50:20 CEST.
Flavor | Version | Tinstall | Tcheck | Ttotal | Status | Flags |
---|---|---|---|---|---|---|
r-devel-linux-x86_64-debian-clang | 0.2.1 | 9.56 | 27.40 | 36.96 | NOTE | |
r-devel-linux-x86_64-debian-gcc | 0.2.1 | 7.62 | 21.92 | 29.54 | NOTE | |
r-devel-linux-x86_64-fedora-clang | 0.2.1 | 62.25 | NOTE | |||
r-devel-linux-x86_64-fedora-gcc | 0.2.1 | 77.14 | NOTE | |||
r-devel-windows-x86_64 | 0.2.1 | 13.00 | 56.00 | 69.00 | NOTE | |
r-patched-linux-x86_64 | 0.2.1 | 11.08 | 24.90 | 35.98 | NOTE | |
r-release-linux-x86_64 | 0.2.1 | 10.54 | 25.35 | 35.89 | NOTE | |
r-release-macos-arm64 | 0.2.1 | 25.00 | NOTE | |||
r-release-macos-x86_64 | 0.2.1 | 43.00 | NOTE | |||
r-release-windows-x86_64 | 0.2.1 | 13.00 | 53.00 | 66.00 | NOTE | |
r-oldrel-macos-arm64 | 0.2.1 | 24.00 | NOTE | |||
r-oldrel-macos-x86_64 | 0.2.1 | 37.00 | NOTE | |||
r-oldrel-windows-x86_64 | 0.2.1 | 12.00 | 60.00 | 72.00 | NOTE |
Version: 0.2.1
Check: C++ specification
Result: NOTE
Specified C++11: please drop specification unless essential
Flavors: r-devel-linux-x86_64-debian-clang, r-devel-linux-x86_64-debian-gcc, r-devel-linux-x86_64-fedora-clang, r-devel-linux-x86_64-fedora-gcc, r-devel-windows-x86_64, r-patched-linux-x86_64, r-release-linux-x86_64, r-release-macos-arm64, r-release-macos-x86_64, r-release-windows-x86_64, r-oldrel-macos-arm64, r-oldrel-macos-x86_64, r-oldrel-windows-x86_64