CRAN Package Check Results for Package hillR

Last updated on 2025-04-29 13:51:26 CEST.

Flavor Version Tinstall Tcheck Ttotal Status Flags
r-devel-linux-x86_64-debian-clang 0.5.2 3.19 36.63 39.82 NOTE
r-devel-linux-x86_64-debian-gcc 0.5.2 2.21 27.39 29.60 NOTE
r-devel-linux-x86_64-fedora-clang 0.5.2 60.72 OK
r-devel-linux-x86_64-fedora-gcc 0.5.2 58.11 OK
r-devel-windows-x86_64 0.5.2 5.00 56.00 61.00 OK
r-patched-linux-x86_64 0.5.2 3.25 34.12 37.37 OK
r-release-linux-x86_64 0.5.2 2.80 33.86 36.66 OK
r-release-macos-arm64 0.5.2 22.00 OK
r-release-macos-x86_64 0.5.2 39.00 OK
r-release-windows-x86_64 0.5.2 5.00 64.00 69.00 OK
r-oldrel-macos-arm64 0.5.2 20.00 OK
r-oldrel-macos-x86_64 0.5.2 38.00 OK
r-oldrel-windows-x86_64 0.5.2 6.00 63.00 69.00 OK

Check Details

Version: 0.5.2
Check: CRAN incoming feasibility
Result: NOTE Maintainer: ‘Daijiang Li <daijianglee@gmail.com>’ No Authors@R field in DESCRIPTION. Please add one, modifying Authors@R: person(given = "Daijiang", family = "Li", role = c("aut", "cre"), email = "daijianglee@gmail.com") as necessary. Flavors: r-devel-linux-x86_64-debian-clang, r-devel-linux-x86_64-debian-gcc