Last updated on 2024-07-18 06:57:26 CEST.
Flavor | Version | Tinstall | Tcheck | Ttotal | Status | Flags |
---|---|---|---|---|---|---|
r-devel-linux-x86_64-debian-clang | 1.1.5 | 53.56 | 36.43 | 89.99 | OK | |
r-devel-linux-x86_64-debian-gcc | 1.1.5 | 39.02 | 27.84 | 66.86 | OK | |
r-devel-linux-x86_64-fedora-clang | 1.1.5 | 120.69 | OK | |||
r-devel-linux-x86_64-fedora-gcc | 1.1.5 | 133.54 | OK | |||
r-devel-windows-x86_64 | 1.1.5 | 41.00 | 65.00 | 106.00 | OK | |
r-patched-linux-x86_64 | 1.1.5 | 45.48 | 35.32 | 80.80 | OK | |
r-release-linux-x86_64 | 1.1.5 | 45.76 | 36.03 | 81.79 | OK | |
r-release-macos-arm64 | 1.1.5 | 27.00 | NOTE | |||
r-release-macos-x86_64 | 1.1.5 | 50.00 | NOTE | |||
r-release-windows-x86_64 | 1.1.5 | 40.00 | 68.00 | 108.00 | OK | |
r-oldrel-macos-arm64 | 1.1.5 | 38.00 | NOTE | |||
r-oldrel-macos-x86_64 | 1.1.5 | 77.00 | NOTE | |||
r-oldrel-windows-x86_64 | 1.1.5 | 54.00 | 79.00 | 133.00 | OK |
Version: 1.1.5
Check: installed package size
Result: NOTE
installed size is 5.2Mb
sub-directories of 1Mb or more:
libs 5.0Mb
Flavors: r-release-macos-arm64, r-release-macos-x86_64, r-oldrel-macos-arm64, r-oldrel-macos-x86_64