Last updated on 2025-05-11 04:49:43 CEST.
Flavor | Version | Tinstall | Tcheck | Ttotal | Status | Flags |
---|---|---|---|---|---|---|
r-devel-linux-x86_64-debian-clang | 3.41 | 4.91 | 44.84 | 49.75 | NOTE | |
r-devel-linux-x86_64-debian-gcc | 3.41 | 3.42 | 31.28 | 34.70 | NOTE | |
r-devel-linux-x86_64-fedora-clang | 3.41 | 70.88 | OK | |||
r-devel-linux-x86_64-fedora-gcc | 3.41 | 74.57 | OK | |||
r-devel-windows-x86_64 | 3.41 | 7.00 | 57.00 | 64.00 | OK | |
r-patched-linux-x86_64 | 3.41 | 4.99 | 41.96 | 46.95 | OK | |
r-release-linux-x86_64 | 3.41 | 4.50 | 41.65 | 46.15 | OK | |
r-release-macos-arm64 | 3.41 | 27.00 | OK | |||
r-release-macos-x86_64 | 3.41 | 40.00 | OK | |||
r-release-windows-x86_64 | 3.41 | 7.00 | 58.00 | 65.00 | OK | |
r-oldrel-macos-arm64 | 3.41 | 23.00 | OK | |||
r-oldrel-macos-x86_64 | 3.41 | 35.00 | OK | |||
r-oldrel-windows-x86_64 | 3.41 | 8.00 | 67.00 | 75.00 | OK |
Version: 3.41
Check: CRAN incoming feasibility
Result: NOTE
Maintainer: ‘Christian E. Galarza <cgalarza88@gmail.com>’
No Authors@R field in DESCRIPTION.
Please add one, modifying
Authors@R: c(person(given = c("Christian", "E."),
family = "Galarza",
role = c("aut", "cre"),
email = "cgalarza88@gmail.com"),
person(given = c("Jonathan", "M."),
family = "Olate",
role = "aut"))
as necessary.
Flavors: r-devel-linux-x86_64-debian-clang, r-devel-linux-x86_64-debian-gcc