Last updated on 2025-04-29 13:51:26 CEST.
Flavor | Version | Tinstall | Tcheck | Ttotal | Status | Flags |
---|---|---|---|---|---|---|
r-devel-linux-x86_64-debian-clang | 1.0 | 1.39 | 17.19 | 18.58 | NOTE | |
r-devel-linux-x86_64-debian-gcc | 1.0 | 1.24 | 14.03 | 15.27 | NOTE | |
r-devel-linux-x86_64-fedora-clang | 1.0 | 29.19 | OK | |||
r-devel-linux-x86_64-fedora-gcc | 1.0 | 29.06 | OK | |||
r-devel-windows-x86_64 | 1.0 | 3.00 | 36.00 | 39.00 | OK | |
r-patched-linux-x86_64 | 1.0 | 1.49 | 17.03 | 18.52 | OK | |
r-release-linux-x86_64 | 1.0 | 1.51 | 16.94 | 18.45 | OK | |
r-release-macos-arm64 | 1.0 | 14.00 | OK | |||
r-release-macos-x86_64 | 1.0 | 22.00 | OK | |||
r-release-windows-x86_64 | 1.0 | 2.00 | 38.00 | 40.00 | OK | |
r-oldrel-macos-arm64 | 1.0 | 14.00 | OK | |||
r-oldrel-macos-x86_64 | 1.0 | 18.00 | OK | |||
r-oldrel-windows-x86_64 | 1.0 | 2.00 | 35.00 | 37.00 | OK |
Version: 1.0
Check: CRAN incoming feasibility
Result: NOTE
Maintainer: ‘Csaba Farago <farago@inf.u-szeged.hu>’
No Authors@R field in DESCRIPTION.
Please add one, modifying
Authors@R: person(given = "Csaba",
family = "Farago",
role = c("aut", "cre"),
email = "farago@inf.u-szeged.hu")
as necessary.
Flavors: r-devel-linux-x86_64-debian-clang, r-devel-linux-x86_64-debian-gcc