Last updated on 2024-06-27 16:49:06 CEST.
Flavor | Version | Tinstall | Tcheck | Ttotal | Status | Flags |
---|---|---|---|---|---|---|
r-devel-linux-x86_64-debian-clang | 5.5.6 | OK | ||||
r-devel-linux-x86_64-debian-gcc | 5.5.6 | 13.52 | 194.39 | 207.91 | OK | |
r-devel-linux-x86_64-fedora-clang | 5.5.6 | 353.81 | NOTE | |||
r-devel-linux-x86_64-fedora-gcc | 5.5.6 | 350.96 | NOTE | |||
r-devel-windows-x86_64 | 5.5.6 | 18.00 | 242.00 | 260.00 | OK | |
r-patched-linux-x86_64 | 5.5.6 | 16.43 | 183.59 | 200.02 | OK | |
r-release-linux-x86_64 | 5.5.6 | 14.43 | 179.79 | 194.22 | OK | |
r-release-macos-arm64 | 5.5.6 | 94.00 | OK | |||
r-release-macos-x86_64 | 5.5.6 | 193.00 | OK | |||
r-release-windows-x86_64 | 5.5.6 | 17.00 | 246.00 | 263.00 | OK | |
r-oldrel-macos-arm64 | 5.5.6 | 89.00 | OK | |||
r-oldrel-macos-x86_64 | 5.5.6 | 175.00 | OK | |||
r-oldrel-windows-x86_64 | 5.5.6 | 22.00 | 301.00 | 323.00 | OK |
Version: 5.5.6
Check: dependencies in R code
Result: NOTE
Namespaces in Imports field not imported from:
‘R6’ ‘xml2’
All declared Imports should be used.
Flavors: r-devel-linux-x86_64-fedora-clang, r-devel-linux-x86_64-fedora-gcc