Last updated on 2025-04-29 13:51:26 CEST.
Flavor | Version | Tinstall | Tcheck | Ttotal | Status | Flags |
---|---|---|---|---|---|---|
r-devel-linux-x86_64-debian-clang | 0.67-3 | 1.97 | 23.20 | 25.17 | NOTE | |
r-devel-linux-x86_64-debian-gcc | 0.67-3 | 1.42 | 18.46 | 19.88 | NOTE | |
r-devel-linux-x86_64-fedora-clang | 0.67-3 | 40.37 | OK | |||
r-devel-linux-x86_64-fedora-gcc | 0.67-3 | 52.31 | OK | |||
r-devel-windows-x86_64 | 0.67-3 | 2.00 | 57.00 | 59.00 | OK | |
r-patched-linux-x86_64 | 0.67-3 | 2.05 | 22.51 | 24.56 | OK | |
r-release-linux-x86_64 | 0.67-3 | 1.71 | 22.46 | 24.17 | OK | |
r-release-macos-arm64 | 0.67-3 | 22.00 | OK | |||
r-release-macos-x86_64 | 0.67-3 | 44.00 | OK | |||
r-release-windows-x86_64 | 0.67-3 | 3.00 | 55.00 | 58.00 | OK | |
r-oldrel-macos-arm64 | 0.67-3 | 20.00 | OK | |||
r-oldrel-macos-x86_64 | 0.67-3 | 37.00 | OK | |||
r-oldrel-windows-x86_64 | 0.67-3 | 3.00 | 49.00 | 52.00 | OK |
Version: 0.67-3
Check: CRAN incoming feasibility
Result: NOTE
Maintainer: ‘John Maindonald <jhmaindonald@gmail.com>’
No Authors@R field in DESCRIPTION.
Please add one, modifying
Authors@R: c(person(given = "John",
family = "Maindonald",
role = c("aut", "cre"),
email = "jhmaindonald@gmail.com"),
person(given = c("with", "\\code{hwexact}", "from", "Randall"),
family = "Johnson.",
role = "aut"))
as necessary.
Flavors: r-devel-linux-x86_64-debian-clang, r-devel-linux-x86_64-debian-gcc