Last updated on 2024-07-13 05:49:15 CEST.
Flavor | Version | Tinstall | Tcheck | Ttotal | Status | Flags |
---|---|---|---|---|---|---|
r-devel-linux-x86_64-debian-clang | 0.8.5 | 2.79 | 42.14 | 44.93 | OK | |
r-devel-linux-x86_64-debian-gcc | 0.8.5 | 2.92 | 42.10 | 45.02 | OK | |
r-devel-linux-x86_64-fedora-clang | 0.8.5 | 78.04 | NOTE | |||
r-devel-linux-x86_64-fedora-gcc | 0.8.5 | 86.68 | NOTE | |||
r-devel-windows-x86_64 | 0.8.5 | 6.00 | 64.00 | 70.00 | OK | |
r-patched-linux-x86_64 | 0.8.5 | 3.82 | 42.24 | 46.06 | OK | |
r-release-linux-x86_64 | 0.8.5 | 2.93 | 42.95 | 45.88 | OK | |
r-release-macos-arm64 | 0.8.5 | 28.00 | OK | |||
r-release-macos-x86_64 | 0.8.5 | 46.00 | OK | |||
r-release-windows-x86_64 | 0.8.5 | 4.00 | 64.00 | 68.00 | OK | |
r-oldrel-macos-arm64 | 0.8.5 | 34.00 | NOTE | |||
r-oldrel-macos-x86_64 | 0.8.5 | 84.00 | NOTE | |||
r-oldrel-windows-x86_64 | 0.8.5 | 5.00 | 70.00 | 75.00 | OK |
Version: 0.8.5
Check: package dependencies
Result: NOTE
Package suggested but not available for checking: ‘flowCore’
Flavors: r-devel-linux-x86_64-fedora-clang, r-devel-linux-x86_64-fedora-gcc, r-oldrel-macos-arm64, r-oldrel-macos-x86_64