Last updated on 2025-07-18 07:49:33 CEST.
Flavor | Version | Tinstall | Tcheck | Ttotal | Status | Flags |
---|---|---|---|---|---|---|
r-devel-linux-x86_64-debian-clang | 0.2.0 | 79.03 | 27.88 | 106.91 | OK | |
r-devel-linux-x86_64-debian-gcc | 0.2.0 | 52.77 | 23.85 | 76.62 | OK | |
r-devel-linux-x86_64-fedora-clang | 0.2.0 | 152.54 | OK | |||
r-devel-linux-x86_64-fedora-gcc | 0.2.0 | 169.90 | OK | |||
r-devel-windows-x86_64 | 0.2.0 | 71.00 | 71.00 | 142.00 | OK | |
r-patched-linux-x86_64 | 0.2.0 | 74.58 | 25.91 | 100.49 | OK | |
r-release-linux-x86_64 | 0.2.0 | 74.05 | 25.75 | 99.80 | OK | |
r-release-macos-arm64 | 0.2.0 | 57.00 | OK | |||
r-release-macos-x86_64 | 0.2.0 | 112.00 | OK | |||
r-release-windows-x86_64 | 0.2.0 | 70.00 | 72.00 | 142.00 | OK | |
r-oldrel-macos-arm64 | 0.2.0 | 52.00 | NOTE | |||
r-oldrel-macos-x86_64 | 0.2.0 | 125.00 | NOTE | |||
r-oldrel-windows-x86_64 | 0.2.0 | 65.00 | 88.00 | 153.00 | OK |
Version: 0.2.0
Check: installed package size
Result: NOTE
installed size is 23.5Mb
sub-directories of 1Mb or more:
libs 23.3Mb
Flavors: r-oldrel-macos-arm64, r-oldrel-macos-x86_64