Last updated on 2024-06-27 10:49:33 CEST.
Flavor | Version | Tinstall | Tcheck | Ttotal | Status | Flags |
---|---|---|---|---|---|---|
r-devel-linux-x86_64-debian-clang | 3.1.4 | OK | ||||
r-devel-linux-x86_64-debian-gcc | 3.1.4 | 62.87 | 303.14 | 366.01 | OK | |
r-devel-linux-x86_64-fedora-clang | 3.1.4 | 657.11 | NOTE | |||
r-devel-linux-x86_64-fedora-gcc | 3.1.4 | 637.76 | NOTE | |||
r-devel-windows-x86_64 | 3.1.4 | 68.00 | 293.00 | 361.00 | OK | |
r-patched-linux-x86_64 | 3.1.4 | 76.53 | 396.19 | 472.72 | OK | |
r-release-linux-x86_64 | 3.1.4 | 62.70 | 397.46 | 460.16 | OK | |
r-release-macos-arm64 | 3.1.4 | 152.00 | NOTE | |||
r-release-macos-x86_64 | 3.1.4 | 352.00 | NOTE | |||
r-release-windows-x86_64 | 3.1.4 | 67.00 | 296.00 | 363.00 | OK | |
r-oldrel-macos-arm64 | 3.1.4 | 158.00 | NOTE | |||
r-oldrel-macos-x86_64 | 3.1.4 | 382.00 | NOTE | |||
r-oldrel-windows-x86_64 | 3.1.4 | 91.00 | 394.00 | 485.00 | OK |
Version: 3.1.4
Check: package dependencies
Result: NOTE
Imports includes 22 non-default packages.
Importing from so many packages makes the package vulnerable to any of
them becoming unavailable. Move as many as possible to Suggests and
use conditionally.
Flavor: r-devel-linux-x86_64-fedora-clang
Version: 3.1.4
Check: dependencies in R code
Result: NOTE
Namespace in Imports field not imported from: ‘raster’
All declared Imports should be used.
Flavors: r-devel-linux-x86_64-fedora-clang, r-devel-linux-x86_64-fedora-gcc
Version: 3.1.4
Check: installed package size
Result: NOTE
installed size is 5.8Mb
sub-directories of 1Mb or more:
doc 2.8Mb
libs 1.8Mb
Flavors: r-release-macos-arm64, r-release-macos-x86_64, r-oldrel-macos-arm64, r-oldrel-macos-x86_64