CRAN Package Check Results for Package hypothesisr

Last updated on 2025-04-29 13:51:26 CEST.

Flavor Version Tinstall Tcheck Ttotal Status Flags
r-devel-linux-x86_64-debian-clang 0.1.1 1.71 24.38 26.09 OK
r-devel-linux-x86_64-debian-gcc 0.1.1 1.36 18.97 20.33 OK
r-devel-linux-x86_64-fedora-clang 0.1.1 38.21 OK
r-devel-linux-x86_64-fedora-gcc 0.1.1 36.79 OK
r-devel-windows-x86_64 0.1.1 4.00 47.00 51.00 OK
r-patched-linux-x86_64 0.1.1 2.14 22.27 24.41 OK
r-release-linux-x86_64 0.1.1 1.75 22.24 23.99 OK
r-release-macos-arm64 0.1.1 22.00 OK
r-release-macos-x86_64 0.1.1 28.00 OK
r-release-windows-x86_64 0.1.1 4.00 48.00 52.00 OK
r-oldrel-macos-arm64 0.1.1 25.00 NOTE
r-oldrel-macos-x86_64 0.1.1 29.00 NOTE
r-oldrel-windows-x86_64 0.1.1 4.00 51.00 55.00 NOTE

Check Details

Version: 0.1.1
Check: LazyData
Result: NOTE 'LazyData' is specified without a 'data' directory Flavors: r-oldrel-macos-arm64, r-oldrel-macos-x86_64, r-oldrel-windows-x86_64