Last updated on 2025-04-29 13:51:26 CEST.
Flavor | Version | Tinstall | Tcheck | Ttotal | Status | Flags |
---|---|---|---|---|---|---|
r-devel-linux-x86_64-debian-clang | 0.1.1 | 6.85 | 116.14 | 122.99 | NOTE | |
r-devel-linux-x86_64-debian-gcc | 0.1.1 | 5.06 | 77.92 | 82.98 | NOTE | |
r-devel-linux-x86_64-fedora-clang | 0.1.1 | 195.00 | OK | |||
r-devel-linux-x86_64-fedora-gcc | 0.1.1 | 190.31 | OK | |||
r-devel-windows-x86_64 | 0.1.1 | 8.00 | 131.00 | 139.00 | OK | |
r-patched-linux-x86_64 | 0.1.1 | 6.59 | 111.35 | 117.94 | OK | |
r-release-linux-x86_64 | 0.1.1 | 6.52 | 112.83 | 119.35 | OK | |
r-release-macos-arm64 | 0.1.1 | 51.00 | OK | |||
r-release-macos-x86_64 | 0.1.1 | 92.00 | OK | |||
r-release-windows-x86_64 | 0.1.1 | 8.00 | 134.00 | 142.00 | OK | |
r-oldrel-macos-arm64 | 0.1.1 | 55.00 | OK | |||
r-oldrel-macos-x86_64 | 0.1.1 | 102.00 | OK | |||
r-oldrel-windows-x86_64 | 0.1.1 | 9.00 | 170.00 | 179.00 | OK |
Version: 0.1.1
Check: examples
Result: NOTE
Examples with CPU (user + system) or elapsed time > 5s
user system elapsed
invnormal_c_opt 10.445 0.043 13.263
gumbel_c_opt 9.239 0.000 10.686
weibull_errorI 7.123 0.004 9.370
gumbel_errorI 5.583 0.004 6.395
geom_c_opt 4.829 0.003 6.560
norm_c_opt 3.897 0.003 5.581
Flavor: r-devel-linux-x86_64-debian-clang
Version: 0.1.1
Check: examples
Result: NOTE
Examples with CPU (user + system) or elapsed time > 5s
user system elapsed
invnormal_c_opt 5.826 0.001 5.847
gumbel_c_opt 5.098 0.000 5.307
Flavor: r-devel-linux-x86_64-debian-gcc