Last updated on 2025-11-16 18:49:33 CET.
| Flavor | Version | Tinstall | Tcheck | Ttotal | Status | Flags |
|---|---|---|---|---|---|---|
| r-devel-linux-x86_64-debian-clang | 1.3.2 | 154.10 | 72.77 | 226.87 | OK | |
| r-devel-linux-x86_64-debian-gcc | 1.3.2 | 91.25 | 55.94 | 147.19 | OK | |
| r-devel-linux-x86_64-fedora-clang | 1.3.2 | 303.00 | 128.33 | 431.33 | OK | |
| r-devel-linux-x86_64-fedora-gcc | 1.3.2 | 660.00 | -257.66 | 402.34 | OK | |
| r-devel-windows-x86_64 | 1.3.2 | 182.00 | 102.00 | 284.00 | OK | |
| r-patched-linux-x86_64 | 1.3.2 | 142.85 | 68.09 | 210.94 | OK | |
| r-release-linux-x86_64 | 1.3.2 | 153.05 | 67.77 | 220.82 | OK | |
| r-release-macos-arm64 | 1.3.2 | 49.00 | 33.00 | 82.00 | OK | |
| r-release-macos-x86_64 | 1.3.2 | 108.00 | 140.00 | 248.00 | OK | |
| r-release-windows-x86_64 | 1.3.2 | 165.00 | 105.00 | 270.00 | OK | |
| r-oldrel-macos-arm64 | 1.3.2 | 49.00 | 37.00 | 86.00 | NOTE | |
| r-oldrel-macos-x86_64 | 1.3.2 | 103.00 | 114.00 | 217.00 | NOTE | |
| r-oldrel-windows-x86_64 | 1.3.2 | 198.00 | 135.00 | 333.00 | OK |
Version: 1.3.2
Check: installed package size
Result: NOTE
installed size is 7.4Mb
sub-directories of 1Mb or more:
libs 7.0Mb
Flavors: r-oldrel-macos-arm64, r-oldrel-macos-x86_64