CRAN Package Check Results for Package iDINGO

Last updated on 2025-04-29 13:51:26 CEST.

Flavor Version Tinstall Tcheck Ttotal Status Flags
r-devel-linux-x86_64-debian-clang 1.0.4 4.81 53.84 58.65 NOTE
r-devel-linux-x86_64-debian-gcc 1.0.4 3.62 37.22 40.84 NOTE
r-devel-linux-x86_64-fedora-clang 1.0.4 85.52 OK
r-devel-linux-x86_64-fedora-gcc 1.0.4 83.45 OK
r-devel-windows-x86_64 1.0.4 7.00 69.00 76.00 OK
r-patched-linux-x86_64 1.0.4 4.14 51.89 56.03 OK
r-release-linux-x86_64 1.0.4 4.50 51.39 55.89 OK
r-release-macos-arm64 1.0.4 34.00 OK
r-release-macos-x86_64 1.0.4 47.00 OK
r-release-windows-x86_64 1.0.4 7.00 70.00 77.00 OK
r-oldrel-macos-arm64 1.0.4 26.00 OK
r-oldrel-macos-x86_64 1.0.4 40.00 OK
r-oldrel-windows-x86_64 1.0.4 7.00 86.00 93.00 OK

Check Details

Version: 1.0.4
Check: CRAN incoming feasibility
Result: NOTE Maintainer: ‘Caleb A. Class <cclass@butler.edu>’ No Authors@R field in DESCRIPTION. Please add one, modifying Authors@R: c(person(given = c("Caleb", "A."), family = "Class", role = c("aut", "cre"), email = "cclass@butler.edu"), person(given = c("Min", "Jin"), family = "Ha", role = "aut", email = "mjha@mdanderson.org")) as necessary. Package CITATION file contains call(s) to old-style personList() or as.personList(). Please use c() on person objects instead. Package CITATION file contains call(s) to old-style citEntry(). Please use bibentry() instead. Flavors: r-devel-linux-x86_64-debian-clang, r-devel-linux-x86_64-debian-gcc

Version: 1.0.4
Check: examples
Result: NOTE Examples with CPU (user + system) or elapsed time > 5s user system elapsed Greg.em 6.570 0.090 7.597 Sigmax 6.415 0.028 7.161 Flavor: r-devel-linux-x86_64-debian-clang

Version: 1.0.4
Check: examples
Result: NOTE Examples with CPU (user + system) or elapsed time > 5s user system elapsed Sigmax 3.4 0.062 5.431 Flavor: r-devel-linux-x86_64-debian-gcc