Last updated on 2025-04-29 13:51:27 CEST.
Flavor | Version | Tinstall | Tcheck | Ttotal | Status | Flags |
---|---|---|---|---|---|---|
r-devel-linux-x86_64-debian-clang | 1.2 | 2.04 | 23.32 | 25.36 | NOTE | |
r-devel-linux-x86_64-debian-gcc | 1.2 | 1.51 | 17.88 | 19.39 | NOTE | |
r-devel-linux-x86_64-fedora-clang | 1.2 | 39.83 | OK | |||
r-devel-linux-x86_64-fedora-gcc | 1.2 | 38.77 | OK | |||
r-devel-windows-x86_64 | 1.2 | 3.00 | 39.00 | 42.00 | OK | |
r-patched-linux-x86_64 | 1.2 | 1.64 | 22.35 | 23.99 | OK | |
r-release-linux-x86_64 | 1.2 | 1.79 | 22.03 | 23.82 | OK | |
r-release-macos-arm64 | 1.2 | 16.00 | OK | |||
r-release-macos-x86_64 | 1.2 | 27.00 | OK | |||
r-release-windows-x86_64 | 1.2 | 3.00 | 43.00 | 46.00 | OK | |
r-oldrel-macos-arm64 | 1.2 | 17.00 | OK | |||
r-oldrel-macos-x86_64 | 1.2 | 23.00 | OK | |||
r-oldrel-windows-x86_64 | 1.2 | 2.00 | 39.00 | 41.00 | OK |
Version: 1.2
Check: CRAN incoming feasibility
Result: NOTE
Maintainer: ‘Wentao Lu <wlu1026@yahoo.com>’
No Authors@R field in DESCRIPTION.
Please add one, modifying
Authors@R: c(person(given = "Wentao",
family = "Lu",
role = c("aut", "cre"),
email = "wlu1026@yahoo.com"),
person(given = "Xinlei",
family = "Wang",
role = "aut"),
person(given = "Xiaowei",
family = "Zhan",
role = "aut"))
as necessary.
Flavors: r-devel-linux-x86_64-debian-clang, r-devel-linux-x86_64-debian-gcc
Version: 1.2
Check: examples
Result: NOTE
Examples with CPU (user + system) or elapsed time > 5s
user system elapsed
iGSEA-package 5.679 0.101 7.989
Flavor: r-devel-linux-x86_64-debian-clang