Last updated on 2025-04-29 13:51:27 CEST.
Flavor | Version | Tinstall | Tcheck | Ttotal | Status | Flags |
---|---|---|---|---|---|---|
r-devel-linux-x86_64-debian-clang | 0.5.5 | 7.36 | 52.63 | 59.99 | NOTE | |
r-devel-linux-x86_64-debian-gcc | 0.5.5 | 4.38 | 38.04 | 42.42 | NOTE | |
r-devel-linux-x86_64-fedora-clang | 0.5.5 | 84.97 | OK | |||
r-devel-linux-x86_64-fedora-gcc | 0.5.5 | 81.02 | OK | |||
r-devel-windows-x86_64 | 0.5.5 | 8.00 | 66.00 | 74.00 | OK | |
r-patched-linux-x86_64 | 0.5.5 | 7.21 | 49.64 | 56.85 | OK | |
r-release-linux-x86_64 | 0.5.5 | 7.00 | 49.56 | 56.56 | OK | |
r-release-macos-arm64 | 0.5.5 | 27.00 | OK | |||
r-release-macos-x86_64 | 0.5.5 | 54.00 | OK | |||
r-release-windows-x86_64 | 0.5.5 | 9.00 | 66.00 | 75.00 | OK | |
r-oldrel-macos-arm64 | 0.5.5 | 26.00 | OK | |||
r-oldrel-macos-x86_64 | 0.5.5 | 41.00 | OK | |||
r-oldrel-windows-x86_64 | 0.5.5 | 10.00 | 81.00 | 91.00 | OK |
Version: 0.5.5
Check: CRAN incoming feasibility
Result: NOTE
Maintainer: ‘Kai Wang <kai-wang@uiowa.edu>’
No Authors@R field in DESCRIPTION.
Please add one, modifying
Authors@R: c(person(given = c("Dr.", "Kai"),
family = "Wang",
role = "aut"),
person(given = "Kai",
family = "Wang",
role = "cre",
email = "kai-wang@uiowa.edu"))
as necessary.
Flavors: r-devel-linux-x86_64-debian-clang, r-devel-linux-x86_64-debian-gcc