Last updated on 2025-04-29 13:51:27 CEST.
Flavor | Version | Tinstall | Tcheck | Ttotal | Status | Flags |
---|---|---|---|---|---|---|
r-devel-linux-x86_64-debian-clang | 1.2 | 3.39 | 28.33 | 31.72 | NOTE | |
r-devel-linux-x86_64-debian-gcc | 1.2 | 1.82 | 19.82 | 21.64 | NOTE | |
r-devel-linux-x86_64-fedora-clang | 1.2 | 48.78 | OK | |||
r-devel-linux-x86_64-fedora-gcc | 1.2 | 47.60 | OK | |||
r-devel-windows-x86_64 | 1.2 | 4.00 | 44.00 | 48.00 | OK | |
r-patched-linux-x86_64 | 1.2 | 3.21 | 26.25 | 29.46 | OK | |
r-release-linux-x86_64 | 1.2 | 3.19 | 26.20 | 29.39 | OK | |
r-release-macos-arm64 | 1.2 | 18.00 | OK | |||
r-release-macos-x86_64 | 1.2 | 29.00 | OK | |||
r-release-windows-x86_64 | 1.2 | 5.00 | 46.00 | 51.00 | OK | |
r-oldrel-macos-arm64 | 1.2 | 16.00 | OK | |||
r-oldrel-macos-x86_64 | 1.2 | 29.00 | OK | |||
r-oldrel-windows-x86_64 | 1.2 | 4.00 | 42.00 | 46.00 | OK |
Version: 1.2
Check: CRAN incoming feasibility
Result: NOTE
Maintainer: ‘Jelena Kovacic <jkovacic@imi.hr>’
No Authors@R field in DESCRIPTION.
Please add one, modifying
Authors@R: person(given = "Jelena",
family = "Kovacic",
role = c("aut", "cre"),
email = "jkovacic@imi.hr")
as necessary.
Flavors: r-devel-linux-x86_64-debian-clang, r-devel-linux-x86_64-debian-gcc