Last updated on 2025-11-16 06:49:39 CET.
| Flavor | Version | Tinstall | Tcheck | Ttotal | Status | Flags |
|---|---|---|---|---|---|---|
| r-devel-linux-x86_64-debian-clang | 0.2.1 | 23.04 | 116.53 | 139.57 | OK | |
| r-devel-linux-x86_64-debian-gcc | 0.2.1 | 15.74 | 84.89 | 100.63 | NOTE | |
| r-devel-linux-x86_64-fedora-clang | 0.2.1 | 95.00 | 138.58 | 233.58 | OK | |
| r-devel-linux-x86_64-fedora-gcc | 0.2.1 | 54.00 | 140.65 | 194.65 | OK | |
| r-devel-windows-x86_64 | 0.2.1 | 28.00 | 113.00 | 141.00 | OK | |
| r-patched-linux-x86_64 | 0.2.1 | 23.14 | 111.56 | 134.70 | OK | |
| r-release-linux-x86_64 | 0.2.1 | 23.31 | 111.96 | 135.27 | OK | |
| r-release-macos-arm64 | 0.2.1 | 9.00 | 46.00 | 55.00 | OK | |
| r-release-macos-x86_64 | 0.2.1 | 20.00 | 110.00 | 130.00 | OK | |
| r-release-windows-x86_64 | 0.2.1 | 23.00 | 114.00 | 137.00 | OK | |
| r-oldrel-macos-arm64 | 0.2.1 | 9.00 | 48.00 | 57.00 | OK | |
| r-oldrel-macos-x86_64 | 0.2.1 | 23.00 | 95.00 | 118.00 | OK | |
| r-oldrel-windows-x86_64 | 0.2.1 | 31.00 | 151.00 | 182.00 | OK |
Version: 0.2.1
Check: CRAN incoming feasibility
Result: NOTE
Maintainer: ‘Samuel Orso <Samuel.Orso@unige.ch>’
The BugReports field in DESCRIPTION has
https://github.com/SMAC-Group/ib/issues/
which should likely be
https://github.com/SMAC-Group/ib/issues/issues
instead.
Flavor: r-devel-linux-x86_64-debian-gcc