CRAN Package Check Results for Package ibmcraftr

Last updated on 2025-11-16 18:49:33 CET.

Flavor Version Tinstall Tcheck Ttotal Status Flags
r-devel-linux-x86_64-debian-clang 1.0.0 11.85 25.03 36.88 OK
r-devel-linux-x86_64-debian-gcc 1.0.0 7.85 20.53 28.38 OK
r-devel-linux-x86_64-fedora-clang 1.0.0 52.00 8.89 60.89 NOTE
r-devel-linux-x86_64-fedora-gcc 1.0.0 27.00 26.44 53.44 NOTE
r-devel-windows-x86_64 1.0.0 19.00 54.00 73.00 OK
r-patched-linux-x86_64 1.0.0 9.92 23.40 33.32 OK
r-release-linux-x86_64 1.0.0 11.55 23.01 34.56 OK
r-release-macos-arm64 1.0.0 5.00 15.00 20.00 OK
r-release-macos-x86_64 1.0.0 8.00 25.00 33.00 OK
r-release-windows-x86_64 1.0.0 14.00 58.00 72.00 OK
r-oldrel-macos-arm64 1.0.0 5.00 15.00 20.00 NOTE
r-oldrel-macos-x86_64 1.0.0 8.00 21.00 29.00 NOTE
r-oldrel-windows-x86_64 1.0.0 16.00 70.00 86.00 NOTE

Check Details

Version: 1.0.0
Check: compiled code
Result: NOTE File ‘ibmcraftr/libs/ibmcraftr.so’: Found no calls to: ‘R_registerRoutines’, ‘R_useDynamicSymbols’ It is good practice to register native routines and to disable symbol search. See ‘Writing portable packages’ in the ‘Writing R Extensions’ manual. Flavors: r-devel-linux-x86_64-fedora-clang, r-devel-linux-x86_64-fedora-gcc

Version: 1.0.0
Check: LazyData
Result: NOTE 'LazyData' is specified without a 'data' directory Flavors: r-oldrel-macos-arm64, r-oldrel-macos-x86_64, r-oldrel-windows-x86_64