Last updated on 2024-06-27 16:49:06 CEST.
Flavor | Version | Tinstall | Tcheck | Ttotal | Status | Flags |
---|---|---|---|---|---|---|
r-devel-linux-x86_64-debian-clang | 1.0.2 | OK | ||||
r-devel-linux-x86_64-debian-gcc | 1.0.2 | 32.99 | 284.51 | 317.50 | OK | |
r-devel-linux-x86_64-fedora-clang | 1.0.2 | 577.06 | NOTE | |||
r-devel-linux-x86_64-fedora-gcc | 1.0.2 | 514.50 | NOTE | |||
r-devel-windows-x86_64 | 1.0.2 | 36.00 | 236.00 | 272.00 | OK | |
r-patched-linux-x86_64 | 1.0.2 | 27.81 | 377.42 | 405.23 | OK | |
r-release-linux-x86_64 | 1.0.2 | 29.47 | 371.33 | 400.80 | OK | |
r-release-macos-arm64 | 1.0.2 | 120.00 | OK | |||
r-release-macos-x86_64 | 1.0.2 | 192.00 | OK | |||
r-release-windows-x86_64 | 1.0.2 | 35.00 | 236.00 | 271.00 | OK | |
r-oldrel-macos-arm64 | 1.0.2 | 130.00 | OK | |||
r-oldrel-macos-x86_64 | 1.0.2 | 227.00 | OK | |||
r-oldrel-windows-x86_64 | 1.0.2 | 50.00 | 318.00 | 368.00 | OK |
Version: 1.0.2
Check: dependencies in R code
Result: NOTE
Namespace in Imports field not imported from: ‘methods’
All declared Imports should be used.
Flavors: r-devel-linux-x86_64-fedora-clang, r-devel-linux-x86_64-fedora-gcc