Last updated on 2025-05-18 20:49:45 CEST.
Flavor | Version | Tinstall | Tcheck | Ttotal | Status | Flags |
---|---|---|---|---|---|---|
r-devel-linux-x86_64-debian-clang | 1.1.2 | 13.88 | 681.39 | 695.27 | NOTE | |
r-devel-linux-x86_64-debian-gcc | 1.1.2 | 10.52 | 485.56 | 496.08 | NOTE | |
r-devel-linux-x86_64-fedora-clang | 1.1.2 | 1070.93 | OK | |||
r-devel-linux-x86_64-fedora-gcc | 1.1.2 | 1093.01 | OK | |||
r-devel-windows-x86_64 | 1.1.2 | 16.00 | 606.00 | 622.00 | OK | |
r-patched-linux-x86_64 | 1.1.2 | 12.61 | 643.68 | 656.29 | OK | |
r-release-linux-x86_64 | 1.1.2 | 12.43 | 646.10 | 658.53 | OK | |
r-release-macos-arm64 | 1.1.2 | 350.00 | OK | |||
r-release-macos-x86_64 | 1.1.2 | 575.00 | OK | |||
r-release-windows-x86_64 | 1.1.2 | 16.00 | 607.00 | 623.00 | OK | |
r-oldrel-macos-arm64 | 1.1.2 | 292.00 | OK | |||
r-oldrel-macos-x86_64 | 1.1.2 | 438.00 | OK | |||
r-oldrel-windows-x86_64 | 1.1.2 | 20.00 | 812.00 | 832.00 | OK |
Version: 1.1.2
Check: CRAN incoming feasibility
Result: NOTE
Maintainer: ‘Josep L. Carrasco <jlcarrasco@ub.edu>’
No Authors@R field in DESCRIPTION.
Please add one, modifying
Authors@R: person(given = c("Josep", "L."),
family = "Carrasco",
role = c("aut", "cre"),
email = "jlcarrasco@ub.edu")
as necessary.
Flavors: r-devel-linux-x86_64-debian-clang, r-devel-linux-x86_64-debian-gcc