Last updated on 2025-11-16 00:48:34 CET.
| Flavor | Version | Tinstall | Tcheck | Ttotal | Status | Flags |
|---|---|---|---|---|---|---|
| r-devel-linux-x86_64-debian-clang | 1.2.0 | 22.67 | 66.64 | 89.31 | WARN | |
| r-devel-linux-x86_64-debian-gcc | 1.2.0 | 15.77 | 51.73 | 67.50 | WARN | |
| r-devel-linux-x86_64-fedora-clang | 1.2.0 | 136.00 | 26.20 | 162.20 | NOTE | |
| r-devel-linux-x86_64-fedora-gcc | 1.2.0 | 60.00 | 71.27 | 131.27 | NOTE | |
| r-devel-windows-x86_64 | 1.2.0 | 33.00 | 93.00 | 126.00 | NOTE | |
| r-patched-linux-x86_64 | 1.2.0 | 23.86 | 62.73 | 86.59 | NOTE | |
| r-release-linux-x86_64 | 1.2.0 | 25.37 | 63.66 | 89.03 | NOTE | |
| r-release-macos-arm64 | 1.2.0 | 11.00 | 33.00 | 44.00 | NOTE | |
| r-release-macos-x86_64 | 1.2.0 | 24.00 | 58.00 | 82.00 | NOTE | |
| r-release-windows-x86_64 | 1.2.0 | 29.00 | 90.00 | 119.00 | NOTE | |
| r-oldrel-macos-arm64 | 1.2.0 | 11.00 | 33.00 | 44.00 | NOTE | |
| r-oldrel-macos-x86_64 | 1.2.0 | 14.00 | 44.00 | 58.00 | NOTE | |
| r-oldrel-windows-x86_64 | 1.2.0 | 37.00 | 116.00 | 153.00 | NOTE |
Version: 1.2.0
Check: CRAN incoming feasibility
Result: NOTE
Maintainer: ‘Steven Andrew Culpepper <sculpepp@illinois.edu>’
Package CITATION file contains call(s) to old-style personList() or
as.personList(). Please use c() on person objects instead.
Package CITATION file contains call(s) to old-style citEntry(). Please
use bibentry() instead.
Flavors: r-devel-linux-x86_64-debian-clang, r-devel-linux-x86_64-debian-gcc
Version: 1.2.0
Check: whether package can be installed
Result: WARN
Found the following significant warnings:
/home/hornik/tmp/R.check/r-devel-clang/Work/build/Packages/RcppArmadillo/include/RcppArmadillo/version/arma.h:66:17: warning: Using fallback compilation with Armadillo 14.6.3. Please consider defining -DARMA_USE_CURRENT and also removing C++11 compilation directive. See GitHub issue #475 for more. [-W#pragma-messages]
See ‘/home/hornik/tmp/R.check/r-devel-clang/Work/PKGS/iccbeta.Rcheck/00install.out’ for details.
* used C++ compiler: ‘Debian clang version 21.1.5 (1)’
Flavor: r-devel-linux-x86_64-debian-clang
Version: 1.2.0
Check: C++ specification
Result: NOTE
Specified C++11: please drop specification unless essential
Flavors: r-devel-linux-x86_64-debian-clang, r-devel-linux-x86_64-debian-gcc, r-devel-linux-x86_64-fedora-clang, r-devel-linux-x86_64-fedora-gcc, r-devel-windows-x86_64, r-patched-linux-x86_64, r-release-linux-x86_64, r-release-macos-arm64, r-release-macos-x86_64, r-release-windows-x86_64, r-oldrel-macos-arm64, r-oldrel-macos-x86_64, r-oldrel-windows-x86_64
Version: 1.2.0
Check: whether package can be installed
Result: WARN
Found the following significant warnings:
/home/hornik/tmp/R.check/r-devel-gcc/Work/build/Packages/RcppArmadillo/include/RcppArmadillo/version/arma.h:66:199: note: ‘#pragma message: Using fallback compilation with Armadillo 14.6.3. Please consider defining -DARMA_USE_CURRENT and also removing C++11 compilation directive. See GitHub issue #475 for more.’
See ‘/home/hornik/tmp/R.check/r-devel-gcc/Work/PKGS/iccbeta.Rcheck/00install.out’ for details.
* used C++ compiler: ‘g++-15 (Debian 15.2.0-7) 15.2.0’
Flavor: r-devel-linux-x86_64-debian-gcc