Last updated on 2024-06-27 10:49:33 CEST.
Flavor | Version | Tinstall | Tcheck | Ttotal | Status | Flags |
---|---|---|---|---|---|---|
r-devel-linux-x86_64-debian-clang | 1.0 | NOTE | ||||
r-devel-linux-x86_64-debian-gcc | 1.0 | 2.46 | 23.84 | 26.30 | NOTE | |
r-devel-linux-x86_64-fedora-clang | 1.0 | 44.95 | NOTE | |||
r-devel-linux-x86_64-fedora-gcc | 1.0 | 40.39 | NOTE | |||
r-devel-windows-x86_64 | 1.0 | 4.00 | 44.00 | 48.00 | NOTE | |
r-patched-linux-x86_64 | 1.0 | 3.04 | 29.43 | 32.47 | NOTE | |
r-release-linux-x86_64 | 1.0 | 3.26 | 29.97 | 33.23 | NOTE | |
r-release-macos-arm64 | 1.0 | 19.00 | NOTE | |||
r-release-macos-x86_64 | 1.0 | 29.00 | NOTE | |||
r-release-windows-x86_64 | 1.0 | 4.00 | 44.00 | 48.00 | NOTE | |
r-oldrel-macos-arm64 | 1.0 | 19.00 | NOTE | |||
r-oldrel-macos-x86_64 | 1.0 | 23.00 | NOTE | |||
r-oldrel-windows-x86_64 | 1.0 | 4.00 | 48.00 | 52.00 | NOTE |
Version: 1.0
Check: DESCRIPTION meta-information
Result: NOTE
Malformed Description field: should contain one or more complete sentences.
Flavors: r-devel-linux-x86_64-debian-clang, r-devel-linux-x86_64-debian-gcc, r-devel-linux-x86_64-fedora-clang, r-devel-linux-x86_64-fedora-gcc, r-devel-windows-x86_64, r-patched-linux-x86_64, r-release-linux-x86_64, r-release-macos-arm64, r-release-macos-x86_64, r-release-windows-x86_64, r-oldrel-macos-arm64, r-oldrel-macos-x86_64, r-oldrel-windows-x86_64