Last updated on 2025-11-16 00:48:34 CET.
| Flavor | Version | Tinstall | Tcheck | Ttotal | Status | Flags |
|---|---|---|---|---|---|---|
| r-devel-linux-x86_64-debian-clang | 1.3.2 | 55.60 | 72.48 | 128.08 | NOTE | |
| r-devel-linux-x86_64-debian-gcc | 1.3.2 | 40.37 | 58.44 | 98.81 | NOTE | |
| r-devel-linux-x86_64-fedora-clang | 1.3.2 | 223.00 | 32.36 | 255.36 | OK | |
| r-devel-linux-x86_64-fedora-gcc | 1.3.2 | 106.00 | 128.09 | 234.09 | OK | |
| r-devel-windows-x86_64 | 1.3.2 | 86.00 | 114.00 | 200.00 | OK | |
| r-patched-linux-x86_64 | 1.3.2 | 56.20 | 70.30 | 126.50 | OK | |
| r-release-linux-x86_64 | 1.3.2 | 57.71 | 69.83 | 127.54 | OK | |
| r-release-macos-arm64 | 1.3.2 | 22.00 | 52.00 | 74.00 | OK | |
| r-release-macos-x86_64 | 1.3.2 | 19.00 | 101.00 | 120.00 | OK | |
| r-release-windows-x86_64 | 1.3.2 | 68.00 | 114.00 | 182.00 | OK | |
| r-oldrel-macos-arm64 | 1.3.2 | 24.00 | 44.00 | 68.00 | OK | |
| r-oldrel-macos-x86_64 | 1.3.2 | 19.00 | 62.00 | 81.00 | OK | |
| r-oldrel-windows-x86_64 | 1.3.2 | 80.00 | 143.00 | 223.00 | OK |
Version: 1.3.2
Check: CRAN incoming feasibility
Result: NOTE
Maintainer: ‘Shota Ochi <shotaochi1990@gmail.com>’
Found the following URLs which should use \doi (with the DOI name only):
File ‘BalanceSimplest.Rd’:
https://doi.org/10.5201/ipol.2011.llmps-scb
File ‘DenoiseDCT.Rd’:
https://doi.org/10.5201/ipol.2011.ys-dct
File ‘EqualizePiecewise.Rd’:
https://doi.org/10.5201/ipol.2012.lps-pae
File ‘SPE.Rd’:
https://doi.org/10.5201/ipol.2014.84
Flavors: r-devel-linux-x86_64-debian-clang, r-devel-linux-x86_64-debian-gcc