Last updated on 2024-06-27 16:49:06 CEST.
Flavor | Version | Tinstall | Tcheck | Ttotal | Status | Flags |
---|---|---|---|---|---|---|
r-devel-linux-x86_64-debian-clang | 1.3.2 | OK | ||||
r-devel-linux-x86_64-debian-gcc | 1.3.2 | 67.30 | 64.95 | 132.25 | OK | |
r-devel-linux-x86_64-fedora-clang | 1.3.2 | 298.51 | NOTE | |||
r-devel-linux-x86_64-fedora-gcc | 1.3.2 | 293.84 | OK | |||
r-devel-windows-x86_64 | 1.3.2 | 83.00 | 115.00 | 198.00 | OK | |
r-patched-linux-x86_64 | 1.3.2 | 90.20 | 86.37 | 176.57 | OK | |
r-release-linux-x86_64 | 1.3.2 | 86.24 | 87.41 | 173.65 | OK | |
r-release-macos-arm64 | 1.3.2 | 68.00 | OK | |||
r-release-macos-x86_64 | 1.3.2 | 81.00 | OK | |||
r-release-windows-x86_64 | 1.3.2 | 87.00 | 116.00 | 203.00 | OK | |
r-oldrel-macos-arm64 | 1.3.2 | 74.00 | OK | |||
r-oldrel-macos-x86_64 | 1.3.2 | 128.00 | OK | |||
r-oldrel-windows-x86_64 | 1.3.2 | 106.00 | 129.00 | 235.00 | OK |
Version: 1.3.2
Check: package dependencies
Result: NOTE
Package suggested but not available for checking: ‘tesseract’
Flavor: r-devel-linux-x86_64-fedora-clang