Last updated on 2024-06-27 16:49:06 CEST.
Flavor | Version | Tinstall | Tcheck | Ttotal | Status | Flags |
---|---|---|---|---|---|---|
r-devel-linux-x86_64-debian-clang | 0.1.1 | NOTE | ||||
r-devel-linux-x86_64-debian-gcc | 0.1.1 | 26.66 | 26.55 | 53.21 | NOTE | |
r-devel-linux-x86_64-fedora-clang | 0.1.1 | 96.01 | NOTE | |||
r-devel-linux-x86_64-fedora-gcc | 0.1.1 | 109.43 | NOTE | |||
r-devel-windows-x86_64 | 0.1.1 | 32.00 | 72.00 | 104.00 | NOTE | |
r-patched-linux-x86_64 | 0.1.1 | 33.92 | 33.95 | 67.87 | OK | |
r-release-linux-x86_64 | 0.1.1 | 33.09 | 33.37 | 66.46 | OK | |
r-release-macos-arm64 | 0.1.1 | 27.00 | OK | |||
r-release-macos-x86_64 | 0.1.1 | 42.00 | OK | |||
r-release-windows-x86_64 | 0.1.1 | 34.00 | 74.00 | 108.00 | OK | |
r-oldrel-macos-arm64 | 0.1.1 | 33.00 | OK | |||
r-oldrel-macos-x86_64 | 0.1.1 | 51.00 | OK | |||
r-oldrel-windows-x86_64 | 0.1.1 | 34.00 | 81.00 | 115.00 | OK |
Version: 0.1.1
Check: compiled code
Result: NOTE
File ‘imbibe/libs/imbibe.so’:
Found non-API call to R: ‘SET_TYPEOF’
Compiled code should not call non-API entry points in R.
See ‘Writing portable packages’ in the ‘Writing R Extensions’ manual.
Flavors: r-devel-linux-x86_64-debian-clang, r-devel-linux-x86_64-fedora-clang, r-devel-linux-x86_64-fedora-gcc
Version: 0.1.1
Check: compiled code
Result: NOTE
File ‘imbibe/libs/imbibe.so’:
Found non-API call to R: ‘SET_TYPEOF’
Compiled code should not call non-API entry points in R.
See ‘Writing portable packages’ in the ‘Writing R Extensions’ manual.
See section ‘Moving into C API compliance’ in the ‘Writing R
Extensions’ manual for issues with use of non-API entry points.
Flavor: r-devel-linux-x86_64-debian-gcc
Version: 0.1.1
Check: compiled code
Result: NOTE
File 'imbibe/libs/x64/imbibe.dll':
Found non-API call to R: 'SET_TYPEOF'
Compiled code should not call non-API entry points in R.
See 'Writing portable packages' in the 'Writing R Extensions' manual.
Flavor: r-devel-windows-x86_64