Last updated on 2025-04-29 13:51:27 CEST.
Flavor | Version | Tinstall | Tcheck | Ttotal | Status | Flags |
---|---|---|---|---|---|---|
r-devel-linux-x86_64-debian-clang | 1.0 | 5.29 | 19.81 | 25.10 | NOTE | |
r-devel-linux-x86_64-debian-gcc | 1.0 | 4.75 | 16.05 | 20.80 | NOTE | |
r-devel-linux-x86_64-fedora-clang | 1.0 | 40.45 | OK | |||
r-devel-linux-x86_64-fedora-gcc | 1.0 | 39.58 | OK | |||
r-devel-windows-x86_64 | 1.0 | 6.00 | 41.00 | 47.00 | OK | |
r-patched-linux-x86_64 | 1.0 | 5.42 | 19.08 | 24.50 | OK | |
r-release-linux-x86_64 | 1.0 | 5.73 | 19.06 | 24.79 | OK | |
r-release-macos-arm64 | 1.0 | 21.00 | OK | |||
r-release-macos-x86_64 | 1.0 | 32.00 | OK | |||
r-release-windows-x86_64 | 1.0 | 5.00 | 44.00 | 49.00 | OK | |
r-oldrel-macos-arm64 | 1.0 | 19.00 | NOTE | |||
r-oldrel-macos-x86_64 | 1.0 | 29.00 | NOTE | |||
r-oldrel-windows-x86_64 | 1.0 | 7.00 | 41.00 | 48.00 | NOTE |
Version: 1.0
Check: CRAN incoming feasibility
Result: NOTE
Maintainer: ‘Federico Casale <casale@hhu.de>’
No Authors@R field in DESCRIPTION.
Please add one, modifying
Authors@R: person(given = "Federico",
family = "Casale",
role = c("aut", "cre"),
email = "casale@hhu.de")
as necessary.
Flavors: r-devel-linux-x86_64-debian-clang, r-devel-linux-x86_64-debian-gcc
Version: 1.0
Check: LazyData
Result: NOTE
'LazyData' is specified without a 'data' directory
Flavors: r-oldrel-macos-arm64, r-oldrel-macos-x86_64, r-oldrel-windows-x86_64