Last updated on 2025-04-29 19:50:34 CEST.
Flavor | Version | Tinstall | Tcheck | Ttotal | Status | Flags |
---|---|---|---|---|---|---|
r-devel-linux-x86_64-debian-clang | 3.0.3 | 8.52 | 72.56 | 81.08 | NOTE | |
r-devel-linux-x86_64-debian-gcc | 3.0.3 | 5.40 | 48.86 | 54.26 | OK | |
r-devel-linux-x86_64-fedora-clang | 3.0.3 | 113.45 | OK | |||
r-devel-linux-x86_64-fedora-gcc | 3.0.3 | 105.19 | OK | |||
r-devel-windows-x86_64 | 3.0.3 | 9.00 | 88.00 | 97.00 | OK | |
r-patched-linux-x86_64 | 3.0.3 | 6.92 | 67.39 | 74.31 | OK | |
r-release-linux-x86_64 | 3.0.3 | 6.44 | 68.16 | 74.60 | OK | |
r-release-macos-arm64 | 3.0.3 | 33.00 | OK | |||
r-release-macos-x86_64 | 3.0.3 | 72.00 | OK | |||
r-release-windows-x86_64 | 3.0.3 | 10.00 | 81.00 | 91.00 | OK | |
r-oldrel-macos-arm64 | 3.0.3 | 33.00 | NOTE | |||
r-oldrel-macos-x86_64 | 3.0.3 | 50.00 | NOTE | |||
r-oldrel-windows-x86_64 | 3.0.3 | 11.00 | 98.00 | 109.00 | NOTE |
Version: 3.0.3
Check: examples
Result: NOTE
Examples with CPU (user + system) or elapsed time > 5s
user system elapsed
plot_errors 3.882 0.103 5.499
Flavor: r-devel-linux-x86_64-debian-clang
Version: 3.0.3
Check: LazyData
Result: NOTE
'LazyData' is specified without a 'data' directory
Flavors: r-oldrel-macos-arm64, r-oldrel-macos-x86_64, r-oldrel-windows-x86_64