CRAN Package Check Results for Package imt

Last updated on 2025-05-18 01:50:30 CEST.

Flavor Version Tinstall Tcheck Ttotal Status Flags
r-devel-linux-x86_64-debian-clang 1.0.0 494.11 179.33 673.44 NOTE
r-devel-linux-x86_64-debian-gcc 1.0.0 453.37 166.61 619.98 NOTE
r-devel-linux-x86_64-fedora-clang 1.0.0 1040.03 NOTE
r-devel-linux-x86_64-fedora-gcc 1.0.0 1576.65 NOTE
r-devel-windows-x86_64 1.0.0 581.00 243.00 824.00 NOTE
r-patched-linux-x86_64 1.0.0 578.16 226.02 804.18 NOTE
r-release-linux-x86_64 1.0.0 573.33 225.25 798.58 NOTE
r-release-macos-arm64 1.0.0 286.00 NOTE
r-release-macos-x86_64 1.0.0 342.00 NOTE
r-release-windows-x86_64 1.0.0 580.00 256.00 836.00 NOTE
r-oldrel-macos-arm64 1.0.0 148.00 NOTE
r-oldrel-macos-x86_64 1.0.0 147.00 NOTE
r-oldrel-windows-x86_64 1.0.0 641.00 299.00 940.00 NOTE

Check Details

Version: 1.0.0
Check: DESCRIPTION meta-information
Result: NOTE Missing dependency on R >= 4.1.0 because package code uses the pipe |> or function shorthand \(...) syntax added in R 4.1.0. File(s) using such syntax: ‘blm.R’ ‘checkBaseline.R’ ‘cleaning.R’ ‘countMissing.R’ ‘getStanParameter.R’ ‘logit.R’ ‘negativeBionomial.R’ Flavors: r-devel-linux-x86_64-debian-clang, r-devel-linux-x86_64-debian-gcc, r-devel-linux-x86_64-fedora-clang, r-devel-linux-x86_64-fedora-gcc, r-devel-windows-x86_64, r-patched-linux-x86_64, r-release-linux-x86_64, r-release-macos-arm64, r-release-macos-x86_64, r-release-windows-x86_64

Version: 1.0.0
Check: installed package size
Result: NOTE installed size is 93.2Mb sub-directories of 1Mb or more: libs 92.5Mb Flavors: r-oldrel-macos-arm64, r-oldrel-macos-x86_64, r-oldrel-windows-x86_64

Version: 1.0.0
Check: for GNU extensions in Makefiles
Result: NOTE GNU make is a SystemRequirements. Flavors: r-oldrel-macos-arm64, r-oldrel-macos-x86_64, r-oldrel-windows-x86_64