Last updated on 2025-11-16 18:49:33 CET.
| Flavor | Version | Tinstall | Tcheck | Ttotal | Status | Flags |
|---|---|---|---|---|---|---|
| r-devel-linux-x86_64-debian-clang | 0.1.0 | 7.24 | 59.38 | 66.62 | NOTE | |
| r-devel-linux-x86_64-debian-gcc | 0.1.0 | 4.80 | 43.54 | 48.34 | NOTE | |
| r-devel-linux-x86_64-fedora-clang | 0.1.0 | 59.00 | 51.86 | 110.86 | NOTE | |
| r-devel-linux-x86_64-fedora-gcc | 0.1.0 | 45.00 | 62.62 | 107.62 | NOTE | |
| r-devel-windows-x86_64 | 0.1.0 | 15.00 | 73.00 | 88.00 | NOTE | |
| r-patched-linux-x86_64 | 0.1.0 | 7.70 | 54.49 | 62.19 | NOTE | |
| r-release-linux-x86_64 | 0.1.0 | 6.57 | 54.98 | 61.55 | NOTE | |
| r-release-macos-arm64 | 0.1.0 | 3.00 | 22.00 | 25.00 | NOTE | |
| r-release-macos-x86_64 | 0.1.0 | 7.00 | 70.00 | 77.00 | NOTE | |
| r-release-windows-x86_64 | 0.1.0 | 12.00 | 72.00 | 84.00 | NOTE | |
| r-oldrel-macos-arm64 | 0.1.0 | 3.00 | 23.00 | 26.00 | NOTE | |
| r-oldrel-macos-x86_64 | 0.1.0 | 4.00 | 41.00 | 45.00 | NOTE | |
| r-oldrel-windows-x86_64 | 0.1.0 | 13.00 | 88.00 | 101.00 | NOTE |
Version: 0.1.0
Check: Rd files
Result: NOTE
checkRd: (-1) process_stats.Rd:11: Lost braces; missing escapes or markup?
11 | the {janitor} package}
| ^
checkRd: (-1) theme_industRial.Rd:40: Lost braces; missing escapes or markup?
40 | adapted from the package {cowplot} by Claus O.Wilke and reflects the principles
| ^
checkRd: (-1) theme_industRial.Rd:45: Lost braces; missing escapes or markup?
45 | It basically combines the half open theme with a grid background from {cowplot}
| ^
Flavors: r-devel-linux-x86_64-debian-clang, r-devel-linux-x86_64-debian-gcc, r-devel-linux-x86_64-fedora-clang, r-devel-linux-x86_64-fedora-gcc, r-devel-windows-x86_64, r-patched-linux-x86_64, r-release-linux-x86_64, r-release-macos-arm64, r-release-macos-x86_64, r-release-windows-x86_64, r-oldrel-macos-arm64, r-oldrel-macos-x86_64, r-oldrel-windows-x86_64